CRAN Package Check Results for Package sglr

Last updated on 2024-02-21 19:53:27 CET.

Flavor Version Tinstall Tcheck Ttotal Status Flags
r-devel-linux-x86_64-debian-clang 0.8 OK
r-devel-linux-x86_64-debian-gcc 0.8 5.22 48.69 53.91 OK
r-devel-linux-x86_64-fedora-clang 0.8 89.00 NOTE
r-devel-linux-x86_64-fedora-gcc 0.8 89.87 NOTE
r-devel-windows-x86_64 0.8 8.00 66.00 74.00 OK
r-patched-linux-x86_64 0.8 6.60 63.38 69.98 OK
r-release-linux-x86_64 0.8 4.81 61.89 66.70 OK
r-release-macos-arm64 0.8 29.00 OK
r-release-macos-x86_64 0.8 43.00 OK
r-release-windows-x86_64 0.8 9.00 77.00 86.00 OK
r-oldrel-macos-arm64 0.8 32.00 NOTE
r-oldrel-windows-x86_64 0.8 13.00 79.00 92.00 OK

Check Details

Version: 0.8
Check: dependencies in R code
Result: NOTE Namespace in Imports field not imported from: ‘rlang’ All declared Imports should be used. Flavors: r-devel-linux-x86_64-fedora-clang, r-devel-linux-x86_64-fedora-gcc, r-oldrel-macos-arm64