CRAN Package Check Results for Package sfarrow

Last updated on 2021-09-26 20:49:22 CEST.

Flavor Version Tinstall Tcheck Ttotal Status Flags
r-devel-linux-x86_64-debian-clang 0.4.0 2.28 34.41 36.69 OK
r-devel-linux-x86_64-debian-gcc 0.4.0 1.91 26.26 28.17 OK
r-devel-linux-x86_64-fedora-clang 0.4.0 53.28 OK
r-devel-linux-x86_64-fedora-gcc 0.4.0 43.77 OK
r-devel-windows-x86_64 0.4.0 3.00 41.00 44.00 OK
r-devel-windows-x86_64-gcc10-UCRT 0.4.0 OK
r-patched-linux-x86_64 0.4.0 1.96 32.89 34.85 OK
r-patched-solaris-x86 0.4.0 52.40 ERROR
r-release-linux-x86_64 0.4.0 2.09 32.62 34.71 OK
r-release-macos-arm64 0.4.0 OK
r-release-macos-x86_64 0.4.0 OK
r-release-windows-ix86+x86_64 0.4.0 6.00 39.00 45.00 OK
r-oldrel-macos-x86_64 0.4.0 OK
r-oldrel-windows-ix86+x86_64 0.4.0 5.00 39.00 44.00 OK

Check Details

Version: 0.4.0
Check: examples
Result: ERROR
    Running examples in ‘sfarrow-Ex.R’ failed
    The error most likely occurred in:
    
    > ### Name: read_sf_dataset
    > ### Title: Read an Arrow multi-file dataset and create 'sf' object
    > ### Aliases: read_sf_dataset
    >
    > ### ** Examples
    >
    > # read spatial object
    > nc <- sf::st_read(system.file("shape/nc.shp", package="sf"), quiet = TRUE)
    >
    > # create random grouping
    > nc$group <- sample(1:3, nrow(nc), replace = TRUE)
    >
    > # use dplyr to group the dataset. %>% also allowed
    > nc_g <- dplyr::group_by(nc, group)
    >
    > # write out to parquet datasets
    > # partitioning determined by dplyr 'group_vars'
    > write_sf_dataset(nc_g, path = file.path(tempdir(), "ds"))
    Warning: This is an initial implementation of Parquet/Feather file support and
    geo metadata. This is tracking version 0.1.0 of the metadata
    (https://github.com/geopandas/geo-arrow-spec). This metadata
    specification may change and does not yet make stability promises. We
    do not yet recommend using this in a production setting unless you are
    able to rewrite your Parquet/Feather files.
    Error in all_record_batches(dots) :
     Cannot call all_record_batches(). See https://arrow.apache.org/docs/r/articles/install.html for help installing Arrow C++ libraries.
    Calls: write_sf_dataset -> <Anonymous> -> all_record_batches
    Execution halted
Flavor: r-patched-solaris-x86

Version: 0.4.0
Check: re-building of vignette outputs
Result: WARN
    Error(s) in re-building vignettes:
     ...
    --- re-building ‘example_sfarrow.Rmd’ using rmarkdown
    Warning in engine$weave(file, quiet = quiet, encoding = enc) :
     Pandoc (>= 1.12.3) not available. Falling back to R Markdown v1.
    Quitting from lines 48-54 (example_sfarrow.Rmd)
    Error: processing vignette 'example_sfarrow.Rmd' failed with diagnostics:
    Cannot call io___MemoryMappedFile__Open(). See https://arrow.apache.org/docs/r/articles/install.html for help installing Arrow C++ libraries.
    --- failed re-building ‘example_sfarrow.Rmd’
    
    SUMMARY: processing the following file failed:
     ‘example_sfarrow.Rmd’
    
    Error: Vignette re-building failed.
    Execution halted
Flavor: r-patched-solaris-x86