CRAN Package Check Results for Package seqinr

Last updated on 2020-11-30 19:48:08 CET.

Flavor Version Tinstall Tcheck Ttotal Status Flags
r-devel-linux-x86_64-debian-clang 4.2-4 19.91 117.85 137.76 OK
r-devel-linux-x86_64-debian-gcc 4.2-4 13.96 91.96 105.92 OK
r-devel-linux-x86_64-fedora-clang 4.2-4 167.79 NOTE
r-devel-linux-x86_64-fedora-gcc 4.2-4 160.24 OK
r-devel-windows-ix86+x86_64 4.2-4 33.00 216.00 249.00 NOTE
r-patched-linux-x86_64 4.2-4 16.17 124.13 140.30 OK
r-patched-solaris-x86 4.2-4 228.10 NOTE
r-release-linux-x86_64 4.2-4 17.99 123.92 141.91 OK
r-release-macos-x86_64 4.2-4 NOTE
r-release-windows-ix86+x86_64 4.2-4 22.00 174.00 196.00 NOTE
r-oldrel-macos-x86_64 4.2-4 NOTE
r-oldrel-windows-ix86+x86_64 4.2-4 25.00 205.00 230.00 NOTE

Check Details

Version: 4.2-4
Check: installed package size
Result: NOTE
     installed size is 5.5Mb
     sub-directories of 1Mb or more:
     data 1.4Mb
     sequences 1.9Mb
Flavors: r-devel-linux-x86_64-fedora-clang, r-devel-windows-ix86+x86_64, r-patched-solaris-x86, r-release-macos-x86_64, r-release-windows-ix86+x86_64, r-oldrel-macos-x86_64, r-oldrel-windows-ix86+x86_64