CRAN Package Check Results for Package sentryR

Last updated on 2021-12-07 19:49:58 CET.

Flavor Version Tinstall Tcheck Ttotal Status Flags
r-devel-linux-x86_64-debian-clang 1.1.0 2.38 33.00 35.38 NOTE
r-devel-linux-x86_64-debian-gcc 1.1.0 2.06 26.42 28.48 NOTE
r-devel-linux-x86_64-fedora-clang 1.1.0 45.17 NOTE
r-devel-linux-x86_64-fedora-gcc 1.1.0 33.39 NOTE
r-devel-windows-x86_64-new-UL 1.1.0 8.00 66.00 74.00 NOTE
r-devel-windows-x86_64-new-TK 1.1.0 NOTE
r-devel-windows-x86_64-old 1.1.0 5.00 32.00 37.00 NOTE
r-patched-linux-x86_64 1.1.0 2.63 31.68 34.31 NOTE
r-release-linux-x86_64 1.1.0 2.31 31.93 34.24 NOTE
r-release-macos-arm64 1.1.0 NOTE
r-release-macos-x86_64 1.1.0 NOTE
r-release-windows-ix86+x86_64 1.1.0 4.00 43.00 47.00 NOTE
r-oldrel-macos-x86_64 1.1.0 OK
r-oldrel-windows-ix86+x86_64 1.1.0 6.00 41.00 47.00 OK

Check Details

Version: 1.1.0
Check: LazyData
Result: NOTE
     'LazyData' is specified without a 'data' directory
Flavors: r-devel-linux-x86_64-debian-clang, r-devel-linux-x86_64-debian-gcc, r-devel-linux-x86_64-fedora-clang, r-devel-linux-x86_64-fedora-gcc, r-devel-windows-x86_64-new-UL, r-devel-windows-x86_64-new-TK, r-devel-windows-x86_64-old, r-patched-linux-x86_64, r-release-linux-x86_64, r-release-macos-arm64, r-release-macos-x86_64, r-release-windows-ix86+x86_64