CRAN Package Check Results for Package sentiment.ai

Last updated on 2024-02-26 19:50:22 CET.

Flavor Version Tinstall Tcheck Ttotal Status Flags
r-devel-linux-x86_64-debian-clang 0.1.1 9.62 94.03 103.65 OK
r-devel-linux-x86_64-debian-gcc 0.1.1 8.59 69.60 78.19 OK
r-devel-linux-x86_64-fedora-clang 0.1.1 128.08 NOTE
r-devel-linux-x86_64-fedora-gcc 0.1.1 133.83 NOTE
r-devel-windows-x86_64 0.1.1 10.00 89.00 99.00 OK
r-patched-linux-x86_64 0.1.1 9.74 91.04 100.78 OK
r-release-linux-x86_64 0.1.1 11.33 89.36 100.69 OK
r-release-macos-arm64 0.1.1 47.00 OK
r-release-macos-x86_64 0.1.1 79.00 OK
r-release-windows-x86_64 0.1.1 14.00 107.00 121.00 OK
r-oldrel-macos-arm64 0.1.1 42.00 NOTE
r-oldrel-windows-x86_64 0.1.1 12.00 104.00 116.00 OK

Check Details

Version: 0.1.1
Check: data for non-ASCII characters
Result: NOTE Note: found 836 marked UTF-8 strings Flavors: r-devel-linux-x86_64-fedora-clang, r-devel-linux-x86_64-fedora-gcc, r-oldrel-macos-arm64