CRAN Package Check Results for Package semPlot

Last updated on 2022-01-24 07:50:02 CET.

Flavor Version Tinstall Tcheck Ttotal Status Flags
r-devel-linux-x86_64-debian-clang 1.1.2 24.60 193.30 217.90 OK
r-devel-linux-x86_64-debian-gcc 1.1.2 19.57 142.93 162.50 OK
r-devel-linux-x86_64-fedora-clang 1.1.2 262.34 OK
r-devel-linux-x86_64-fedora-gcc 1.1.2 246.70 OK
r-devel-windows-x86_64-new-UL 1.1.2 48.00 221.00 269.00 OK
r-devel-windows-x86_64-new-TK 1.1.2 ERROR
r-patched-linux-x86_64 1.1.2 31.27 181.05 212.32 OK
r-release-linux-x86_64 1.1.2 19.59 180.95 200.54 OK
r-release-macos-arm64 1.1.2 OK
r-release-macos-x86_64 1.1.2 OK
r-release-windows-ix86+x86_64 1.1.2 54.00 205.00 259.00 OK
r-oldrel-macos-x86_64 1.1.2 OK
r-oldrel-windows-ix86+x86_64 1.1.2 54.00 206.00 260.00 OK

Check Details

Version: 1.1.2
Check: package dependencies
Result: ERROR
    Packages required but not available: 'sem', 'rockchalk'
    
    See section 'The DESCRIPTION file' in the 'Writing R Extensions'
    manual.
Flavor: r-devel-windows-x86_64-new-TK