CRAN Package Check Results for Package sejmRP

Last updated on 2023-02-01 07:53:16 CET.

Flavor Version Tinstall Tcheck Ttotal Status Flags
r-devel-linux-x86_64-debian-clang 1.3.4 8.81 63.60 72.41 NOTE
r-devel-linux-x86_64-debian-gcc 1.3.4 5.95 47.65 53.60 NOTE
r-devel-linux-x86_64-fedora-clang 1.3.4 88.07 NOTE
r-devel-linux-x86_64-fedora-gcc 1.3.4 85.81 NOTE
r-devel-windows-x86_64 1.3.4 31.00 101.00 132.00 NOTE
r-patched-linux-x86_64 1.3.4 7.84 60.65 68.49 NOTE
r-release-linux-x86_64 1.3.4 6.75 62.14 68.89 NOTE
r-release-macos-arm64 1.3.4 27.00 NOTE
r-release-macos-x86_64 1.3.4 46.00 NOTE
r-release-windows-x86_64 1.3.4 35.00 96.00 131.00 NOTE
r-oldrel-macos-arm64 1.3.4 29.00 NOTE
r-oldrel-macos-x86_64 1.3.4 51.00 NOTE
r-oldrel-windows-ix86+x86_64 1.3.4 21.00 97.00 118.00 NOTE

Check Details

Version: 1.3.4
Check: LazyData
Result: NOTE
     'LazyData' is specified without a 'data' directory
Flavors: r-devel-linux-x86_64-debian-clang, r-devel-linux-x86_64-debian-gcc, r-devel-linux-x86_64-fedora-clang, r-devel-linux-x86_64-fedora-gcc, r-devel-windows-x86_64, r-patched-linux-x86_64, r-release-linux-x86_64, r-release-macos-arm64, r-release-macos-x86_64, r-release-windows-x86_64, r-oldrel-macos-arm64, r-oldrel-macos-x86_64, r-oldrel-windows-ix86+x86_64

Version: 1.3.4
Check: dependencies in R code
Result: NOTE
    Namespaces in Imports field not imported from:
     ‘cluster’ ‘factoextra’ ‘tidyr’
     All declared Imports should be used.
Flavors: r-devel-linux-x86_64-fedora-clang, r-devel-linux-x86_64-fedora-gcc, r-release-macos-arm64, r-release-macos-x86_64, r-oldrel-macos-arm64, r-oldrel-macos-x86_64