Last updated on 2023-01-31 19:56:35 CET.
Flavor | Version | Tinstall | Tcheck | Ttotal | Status | Flags |
---|---|---|---|---|---|---|
r-devel-linux-x86_64-debian-clang | 0.7.3 | 9.48 | 1389.94 | 1399.42 | ERROR | |
r-devel-linux-x86_64-debian-gcc | 0.7.3 | 7.69 | 1059.64 | 1067.33 | OK | |
r-devel-linux-x86_64-fedora-clang | 0.7.3 | 1032.05 | OK | |||
r-devel-linux-x86_64-fedora-gcc | 0.7.3 | 1680.69 | OK | |||
r-devel-windows-x86_64 | 0.7.3 | 55.00 | 1379.00 | 1434.00 | OK | |
r-patched-linux-x86_64 | 0.7.3 | 6.93 | 142.41 | 149.34 | OK | |
r-release-linux-x86_64 | 0.7.3 | 5.92 | 139.35 | 145.27 | OK | |
r-release-macos-arm64 | 0.7.3 | 74.00 | OK | |||
r-release-macos-x86_64 | 0.7.3 | 272.00 | OK | |||
r-release-windows-x86_64 | 0.7.3 | 21.00 | 200.00 | 221.00 | OK | |
r-oldrel-macos-arm64 | 0.7.3 | 67.00 | OK | |||
r-oldrel-macos-x86_64 | 0.7.3 | 99.00 | OK | |||
r-oldrel-windows-ix86+x86_64 | 0.7.3 | 21.00 | 187.00 | 208.00 | OK |
Version: 0.7.3
Check: re-building of vignette outputs
Result: ERROR
Error(s) in re-building vignettes:
...
--- re-building ‘effect-of-climate-dependent-flux.Rmd’ using rmarkdown
Killed
--- re-building ‘introduction-to-sedproxy.Rmd’ using rmarkdown
--- finished re-building ‘introduction-to-sedproxy.Rmd’
SUMMARY: processing the following file failed:
‘effect-of-climate-dependent-flux.Rmd’
Error: Vignette re-building failed.
Execution halted
Flavor: r-devel-linux-x86_64-debian-clang