CRAN Package Check Results for Package secr

Last updated on 2024-02-28 07:53:54 CET.

Flavor Version Tinstall Tcheck Ttotal Status Flags
r-devel-linux-x86_64-debian-clang 4.6.5 469.11 688.09 1157.20 NOTE
r-devel-linux-x86_64-debian-gcc 4.6.5 381.61 500.59 882.20 NOTE
r-devel-linux-x86_64-fedora-clang 4.6.5 1492.86 NOTE
r-devel-linux-x86_64-fedora-gcc 4.6.5 1586.17 NOTE
r-devel-windows-x86_64 4.6.5 310.00 492.00 802.00 NOTE
r-patched-linux-x86_64 4.6.5 467.59 669.09 1136.68 NOTE
r-release-linux-x86_64 4.6.5 470.75 664.90 1135.65 NOTE
r-release-macos-arm64 4.6.5 295.00 NOTE
r-release-macos-x86_64 4.6.5 641.00 NOTE
r-release-windows-x86_64 4.6.5 485.00 726.00 1211.00 NOTE
r-oldrel-macos-arm64 4.6.5 285.00 NOTE
r-oldrel-windows-x86_64 4.6.5 453.00 705.00 1158.00 NOTE

Check Details

Version: 4.6.5
Check: for GNU extensions in Makefiles
Result: NOTE GNU make is a SystemRequirements. Flavors: r-devel-linux-x86_64-debian-clang, r-devel-linux-x86_64-debian-gcc, r-devel-linux-x86_64-fedora-clang, r-devel-linux-x86_64-fedora-gcc, r-devel-windows-x86_64, r-patched-linux-x86_64, r-release-linux-x86_64, r-release-macos-arm64, r-release-macos-x86_64, r-release-windows-x86_64, r-oldrel-macos-arm64, r-oldrel-windows-x86_64

Version: 4.6.5
Check: installed package size
Result: NOTE installed size is 5.2Mb sub-directories of 1Mb or more: R 1.5Mb libs 2.0Mb Flavors: r-devel-windows-x86_64, r-release-macos-arm64, r-release-macos-x86_64, r-release-windows-x86_64, r-oldrel-macos-arm64, r-oldrel-windows-x86_64