CRAN Package Check Results for Package secr

Last updated on 2021-11-27 19:49:49 CET.

Flavor Version Tinstall Tcheck Ttotal Status Flags
r-devel-linux-x86_64-debian-clang 4.4.8 NOTE
r-devel-linux-x86_64-debian-gcc 4.4.8 302.22 366.97 669.19 NOTE
r-devel-linux-x86_64-fedora-clang 4.4.8 1227.46 NOTE
r-devel-linux-x86_64-fedora-gcc 4.4.8 1162.60 NOTE
r-devel-windows-x86_64-new-UL 4.4.8 591.00 807.00 1398.00 NOTE
r-devel-windows-x86_64-new-TK 4.4.8 NOTE
r-devel-windows-x86_64-old 4.4.8 423.00 734.00 1157.00 NOTE
r-patched-linux-x86_64 4.4.8 362.88 487.70 850.58 NOTE
r-patched-solaris-x86 4.4.8 1163.80 NOTE
r-release-linux-x86_64 4.4.8 NOTE
r-release-macos-arm64 4.4.8 NOTE
r-release-macos-x86_64 4.4.8 NOTE
r-release-windows-ix86+x86_64 4.4.8 1006.00 688.00 1694.00 NOTE
r-oldrel-macos-x86_64 4.4.8 NOTE
r-oldrel-windows-ix86+x86_64 4.4.8 962.00 938.00 1900.00 NOTE

Check Details

Version: 4.4.8
Check: for GNU extensions in Makefiles
Result: NOTE
    GNU make is a SystemRequirements.
Flavors: r-devel-linux-x86_64-debian-clang, r-devel-linux-x86_64-debian-gcc, r-devel-linux-x86_64-fedora-clang, r-devel-linux-x86_64-fedora-gcc, r-devel-windows-x86_64-new-UL, r-devel-windows-x86_64-new-TK, r-devel-windows-x86_64-old, r-patched-linux-x86_64, r-patched-solaris-x86, r-release-linux-x86_64, r-release-macos-arm64, r-release-macos-x86_64, r-release-windows-ix86+x86_64, r-oldrel-macos-x86_64, r-oldrel-windows-ix86+x86_64

Version: 4.4.8
Check: installed package size
Result: NOTE
     installed size is 17.9Mb
     sub-directories of 1Mb or more:
     R 1.5Mb
     libs 14.7Mb
Flavors: r-devel-linux-x86_64-fedora-clang, r-devel-windows-x86_64-new-UL, r-release-macos-arm64, r-release-macos-x86_64, r-release-windows-ix86+x86_64, r-oldrel-macos-x86_64, r-oldrel-windows-ix86+x86_64