Last updated on 2023-03-30 08:53:51 CEST.
Flavor | Version | Tinstall | Tcheck | Ttotal | Status | Flags |
---|---|---|---|---|---|---|
r-devel-linux-x86_64-debian-clang | 0.99.3 | 4.66 | 35.58 | 40.24 | OK | |
r-devel-linux-x86_64-debian-gcc | 0.99.3 | 3.47 | 28.29 | 31.76 | OK | |
r-devel-linux-x86_64-fedora-clang | 0.99.3 | 49.03 | OK | |||
r-devel-linux-x86_64-fedora-gcc | 0.99.3 | 46.42 | OK | |||
r-patched-linux-x86_64 | 0.99.3 | 3.38 | 34.44 | 37.82 | OK | |
r-release-linux-x86_64 | 0.99.3 | 2.74 | 36.03 | 38.77 | OK | |
r-release-macos-arm64 | 0.99.3 | 23.00 | OK | |||
r-release-macos-x86_64 | 0.99.3 | 31.00 | OK | |||
r-release-windows-x86_64 | 0.99.3 | 19.00 | 70.00 | 89.00 | OK | |
r-oldrel-macos-arm64 | 0.99.3 | 26.00 | OK | |||
r-oldrel-macos-x86_64 | 0.99.3 | 30.00 | OK | |||
r-oldrel-windows-ix86+x86_64 | 0.99.3 | 13.00 | 65.00 | 78.00 | NOTE |
Version: 0.99.3
Check: R code for possible problems
Result: NOTE
Initiating curl with CURL_SSL_BACKEND: openssl
Flavor: r-oldrel-windows-ix86+x86_64