CRAN Package Check Results for Package seas

Last updated on 2020-10-21 08:49:26 CEST.

Flavor Version Tinstall Tcheck Ttotal Status Flags
r-devel-linux-x86_64-debian-clang 0.5-2 7.56 62.18 69.74 OK
r-devel-linux-x86_64-debian-gcc 0.5-2 5.79 46.39 52.18 OK
r-devel-linux-x86_64-fedora-clang 0.5-2 95.75 NOTE
r-devel-linux-x86_64-fedora-gcc 0.5-2 79.41 NOTE
r-devel-windows-ix86+x86_64 0.5-2 15.00 134.00 149.00 OK
r-patched-linux-x86_64 0.5-2 7.74 57.01 64.75 OK
r-patched-solaris-x86 0.5-2 105.30 NOTE
r-release-linux-x86_64 0.5-2 7.36 57.25 64.61 OK
r-release-macos-x86_64 0.5-2 NOTE
r-release-windows-ix86+x86_64 0.5-2 13.00 109.00 122.00 OK
r-oldrel-macos-x86_64 0.5-2 NOTE
r-oldrel-windows-ix86+x86_64 0.5-2 13.00 128.00 141.00 OK

Check Details

Version: 0.5-2
Check: data for non-ASCII characters
Result: NOTE
     Note: found 3 marked UTF-8 strings
Flavors: r-devel-linux-x86_64-fedora-clang, r-devel-linux-x86_64-fedora-gcc, r-patched-solaris-x86, r-release-macos-x86_64, r-oldrel-macos-x86_64

Version: 0.5-2
Check: installed package size
Result: NOTE
     installed size is 5.0Mb
     sub-directories of 1Mb or more:
     extdata 4.1Mb
Flavor: r-patched-solaris-x86