Last updated on 2023-03-24 07:54:52 CET.
Flavor | Version | Tinstall | Tcheck | Ttotal | Status | Flags |
---|---|---|---|---|---|---|
r-devel-linux-x86_64-debian-clang | 5.7.5 | 93.39 | 310.26 | 403.65 | NOTE | |
r-devel-linux-x86_64-debian-gcc | 5.7.5 | 77.38 | 205.25 | 282.63 | NOTE | |
r-devel-linux-x86_64-fedora-clang | 5.7.5 | 507.15 | NOTE | |||
r-devel-linux-x86_64-fedora-gcc | 5.7.5 | 428.70 | NOTE | |||
r-patched-linux-x86_64 | 5.7.5 | 80.56 | 250.94 | 331.50 | OK | |
r-release-linux-x86_64 | 5.7.5 | 83.49 | 245.25 | 328.74 | OK | |
r-release-macos-arm64 | 5.7.5 | 114.00 | NOTE | |||
r-release-macos-x86_64 | 5.7.5 | 146.00 | NOTE | |||
r-release-windows-x86_64 | 5.7.5 | 160.00 | 325.00 | 485.00 | OK | |
r-oldrel-macos-arm64 | 5.7.5 | 115.00 | NOTE | |||
r-oldrel-macos-x86_64 | 5.7.5 | 146.00 | NOTE | |||
r-oldrel-windows-ix86+x86_64 | 5.7.5 | 206.00 | 416.00 | 622.00 | NOTE |
Version: 5.7.5
Check: C++ specification
Result: NOTE
Specified C++11: please drop specification unless essential
Flavors: r-devel-linux-x86_64-debian-clang, r-devel-linux-x86_64-debian-gcc, r-devel-linux-x86_64-fedora-clang, r-devel-linux-x86_64-fedora-gcc
Version: 5.7.5
Check: installed package size
Result: NOTE
installed size is 6.6Mb
sub-directories of 1Mb or more:
libs 3.8Mb
Flavors: r-release-macos-arm64, r-release-macos-x86_64, r-oldrel-macos-arm64, r-oldrel-macos-x86_64, r-oldrel-windows-ix86+x86_64