Last updated on 2023-03-30 08:53:51 CEST.
Flavor | Version | Tinstall | Tcheck | Ttotal | Status | Flags |
---|---|---|---|---|---|---|
r-devel-linux-x86_64-debian-clang | 0.2.0 | 5.14 | 44.25 | 49.39 | OK | |
r-devel-linux-x86_64-debian-gcc | 0.2.0 | 4.06 | 33.89 | 37.95 | OK | |
r-devel-linux-x86_64-fedora-clang | 0.2.0 | 61.85 | NOTE | |||
r-devel-linux-x86_64-fedora-gcc | 0.2.0 | 58.05 | NOTE | |||
r-patched-linux-x86_64 | 0.2.0 | 4.36 | 42.02 | 46.38 | OK | |
r-release-linux-x86_64 | 0.2.0 | 4.37 | 45.30 | 49.67 | OK | |
r-release-macos-arm64 | 0.2.0 | 32.00 | NOTE | |||
r-release-macos-x86_64 | 0.2.0 | 34.00 | NOTE | |||
r-release-windows-x86_64 | 0.2.0 | 19.00 | 76.00 | 95.00 | OK | |
r-oldrel-macos-arm64 | 0.2.0 | 26.00 | NOTE | |||
r-oldrel-macos-x86_64 | 0.2.0 | 37.00 | NOTE | |||
r-oldrel-windows-ix86+x86_64 | 0.2.0 | 12.00 | 72.00 | 84.00 | OK |
Version: 0.2.0
Check: data for non-ASCII characters
Result: NOTE
Note: found 1 marked UTF-8 string
Flavors: r-devel-linux-x86_64-fedora-clang, r-devel-linux-x86_64-fedora-gcc, r-release-macos-arm64, r-release-macos-x86_64, r-oldrel-macos-arm64, r-oldrel-macos-x86_64