CRAN Package Check Results for Package scuba

Last updated on 2021-12-08 19:51:48 CET.

Flavor Version Tinstall Tcheck Ttotal Status Flags
r-devel-linux-x86_64-debian-clang 1.11-0 5.95 55.94 61.89 OK
r-devel-linux-x86_64-debian-gcc 1.11-0 4.36 44.67 49.03 OK
r-devel-linux-x86_64-fedora-clang 1.11-0 78.90 OK
r-devel-linux-x86_64-fedora-gcc 1.11-0 69.43 OK
r-devel-windows-x86_64-new-UL 1.11-0 21.00 109.00 130.00 OK
r-devel-windows-x86_64-new-TK 1.11-0 OK
r-devel-windows-x86_64-old 1.11-0 10.00 47.00 57.00 ERROR
r-patched-linux-x86_64 1.11-0 6.51 53.66 60.17 OK
r-release-linux-x86_64 1.11-0 5.24 53.87 59.11 OK
r-release-macos-arm64 1.11-0 OK
r-release-macos-x86_64 1.11-0 OK
r-release-windows-ix86+x86_64 1.11-0 13.00 63.00 76.00 OK
r-oldrel-macos-x86_64 1.11-0 OK
r-oldrel-windows-ix86+x86_64 1.11-0 11.00 63.00 74.00 OK

Check Details

Version: 1.11-0
Check: examples
Result: ERROR
    Running examples in 'scuba-Ex.R' failed
    The error most likely occurred in:
    
    > ### Name: chop.dive
    > ### Title: Extract Part of a Dive Profile
    > ### Aliases: chop.dive
    > ### Keywords: utilities
    >
    > ### ** Examples
    >
    > d <- dive(c(30,20), c(5,5))
    > # fragment of dive up to 10 minutes
    > chop.dive(d, 0, 10)
    Dive profile
    gas: air
     time depth
    1 0:00 0
    2 1:00 30
    3 10:00 30
    > # dive aborted at 10 minutes
    > dive(chop.dive(d, 0, 10))
    Error in dive(chop.dive(d, 0, 10)) :
     Vector of length > 2 is not a recognised format
    Execution halted
Flavor: r-devel-windows-x86_64-old

Version: 1.11-0
Check: re-building of vignette outputs
Result: WARN
    Error(s) in re-building vignettes:
    --- re-building 'intro.Rnw' using Sweave
    scuba 1.11-0
    Type 'help(scuba)' for an introduction
    Read the warnings in 'help(scuba.disclaimer)'
    For news about changes to the package, type 'news(package='scuba')'
    scuba 1.11-0
    Type 'help(scuba)' for an introduction
    Read the warnings in 'help(scuba.disclaimer)'
    For news about changes to the package, type 'news(package='scuba')'
    
    Attaching package: 'scuba'
    
    The following objects are masked _by_ '.GlobalEnv':
    
     pedro902, pedro903, pedro904, pedro922, pedro943, pedro944,
     pedro945, pedro946, pedro948, pedro949, pedro950
    
    
    Error: processing vignette 'intro.Rnw' failed with diagnostics:
     chunk 43
    Error in dive(before, c(9, 5), after) :
     Vector of length > 2 is not a recognised format
    
    --- failed re-building 'intro.Rnw'
    
    SUMMARY: processing the following file failed:
     'intro.Rnw'
    
    Error: Vignette re-building failed.
    Execution halted
Flavor: r-devel-windows-x86_64-old