CRAN Package Check Results for Package scrime

Last updated on 2024-04-13 09:50:04 CEST.

Flavor Version Tinstall Tcheck Ttotal Status Flags
r-devel-linux-x86_64-debian-clang 1.3.5 7.84 65.05 72.89 NOTE
r-devel-linux-x86_64-debian-gcc 1.3.5 5.93 46.32 52.25 NOTE
r-devel-linux-x86_64-fedora-clang 1.3.5 94.23 NOTE
r-devel-linux-x86_64-fedora-gcc 1.3.5 90.80 NOTE
r-devel-windows-x86_64 1.3.5 6.00 70.00 76.00 NOTE
r-patched-linux-x86_64 1.3.5 8.69 60.50 69.19 NOTE
r-release-linux-x86_64 1.3.5 7.38 62.31 69.69 NOTE
r-release-macos-arm64 1.3.5 24.00 NOTE
r-release-macos-x86_64 1.3.5 35.00 NOTE
r-release-windows-x86_64 1.3.5 6.00 138.00 144.00 NOTE
r-oldrel-macos-arm64 1.3.5 27.00 NOTE
r-oldrel-windows-x86_64 1.3.5 8.00 81.00 89.00 OK

Check Details

Version: 1.3.5
Check: Rd files
Result: NOTE checkRd: (-1) simulateSNPs.Rd:46: Escaped LaTeX specials: \& \& \& checkRd: (-1) simulateSNPs.Rd:80: Escaped LaTeX specials: \& \& \& Flavors: r-devel-linux-x86_64-debian-clang, r-devel-linux-x86_64-debian-gcc, r-devel-linux-x86_64-fedora-clang, r-devel-linux-x86_64-fedora-gcc, r-devel-windows-x86_64, r-patched-linux-x86_64, r-release-linux-x86_64, r-release-macos-arm64, r-release-macos-x86_64, r-release-windows-x86_64

Version: 1.3.5
Check: package dependencies
Result: NOTE Package suggested but not available for checking: ‘oligoClasses’ Flavors: r-release-macos-arm64, r-release-macos-x86_64, r-oldrel-macos-arm64