CRAN Package Check Results for Package scrappy

Last updated on 2025-01-16 19:48:37 CET.

Flavor Version Tinstall Tcheck Ttotal Status Flags
r-devel-linux-x86_64-debian-clang 0.0.1 1.66 16.86 18.52 OK
r-devel-linux-x86_64-debian-gcc 0.0.1 1.38 13.70 15.08 OK
r-devel-linux-x86_64-fedora-clang 0.0.1 29.59 OK
r-devel-linux-x86_64-fedora-gcc 0.0.1 29.16 OK
r-devel-windows-x86_64 0.0.1 4.00 40.00 44.00 OK
r-patched-linux-x86_64 0.0.1 1.57 16.28 17.85 NOTE
r-release-linux-x86_64 0.0.1 1.60 16.24 17.84 NOTE
r-release-macos-arm64 0.0.1 13.00 NOTE
r-release-macos-x86_64 0.0.1 19.00 NOTE
r-release-windows-x86_64 0.0.1 4.00 40.00 44.00 NOTE
r-oldrel-macos-arm64 0.0.1 15.00 NOTE
r-oldrel-macos-x86_64 0.0.1 18.00 NOTE
r-oldrel-windows-x86_64 0.0.1 3.00 41.00 44.00 NOTE

Check Details

Version: 0.0.1
Check: LazyData
Result: NOTE 'LazyData' is specified without a 'data' directory Flavors: r-patched-linux-x86_64, r-release-linux-x86_64, r-release-macos-arm64, r-release-macos-x86_64, r-release-windows-x86_64, r-oldrel-macos-arm64, r-oldrel-macos-x86_64, r-oldrel-windows-x86_64