CRAN Package Check Results for Package scrappy

Last updated on 2024-02-26 19:50:21 CET.

Flavor Version Tinstall Tcheck Ttotal Status Flags
r-devel-linux-x86_64-debian-clang 0.0.1 1.69 20.48 22.17 NOTE
r-devel-linux-x86_64-debian-gcc 0.0.1 1.39 16.54 17.93 NOTE
r-devel-linux-x86_64-fedora-clang 0.0.1 29.54 NOTE
r-devel-linux-x86_64-fedora-gcc 0.0.1 29.10 NOTE
r-devel-windows-x86_64 0.0.1 3.00 38.00 41.00 NOTE
r-patched-linux-x86_64 0.0.1 1.79 20.89 22.68 NOTE
r-release-linux-x86_64 0.0.1 1.73 21.05 22.78 NOTE
r-release-macos-arm64 0.0.1 15.00 NOTE
r-release-macos-x86_64 0.0.1 18.00 NOTE
r-release-windows-x86_64 0.0.1 4.00 39.00 43.00 NOTE
r-oldrel-macos-arm64 0.0.1 14.00 NOTE
r-oldrel-windows-x86_64 0.0.1 3.00 45.00 48.00 NOTE

Check Details

Version: 0.0.1
Check: LazyData
Result: NOTE 'LazyData' is specified without a 'data' directory Flavors: r-devel-linux-x86_64-debian-clang, r-devel-linux-x86_64-debian-gcc, r-devel-linux-x86_64-fedora-clang, r-devel-linux-x86_64-fedora-gcc, r-devel-windows-x86_64, r-patched-linux-x86_64, r-release-linux-x86_64, r-release-macos-arm64, r-release-macos-x86_64, r-release-windows-x86_64, r-oldrel-macos-arm64, r-oldrel-windows-x86_64