CRAN Package Check Results for Package scraEP

Last updated on 2020-05-29 10:47:33 CEST.

Flavor Version Tinstall Tcheck Ttotal Status Flags
r-devel-linux-x86_64-debian-clang 1.1 4.30 35.54 39.84 OK
r-devel-linux-x86_64-debian-gcc 1.1 3.46 27.50 30.96 OK
r-devel-linux-x86_64-fedora-clang 1.1 47.12 NOTE
r-devel-linux-x86_64-fedora-gcc 1.1 45.64 NOTE
r-devel-windows-ix86+x86_64 1.1 12.00 67.00 79.00 OK
r-patched-linux-x86_64 1.1 2.86 34.54 37.40 OK
r-patched-solaris-x86 1.1 70.90 NOTE
r-release-linux-x86_64 1.1 4.43 34.66 39.09 OK
r-release-osx-x86_64 1.1 NOTE
r-release-windows-ix86+x86_64 1.1 10.00 65.00 75.00 OK
r-oldrel-osx-x86_64 1.1 NOTE
r-oldrel-windows-ix86+x86_64 1.1 12.00 49.00 61.00 OK

Check Details

Version: 1.1
Check: data for non-ASCII characters
Result: NOTE
     Note: found 1 marked UTF-8 string
Flavors: r-devel-linux-x86_64-fedora-clang, r-devel-linux-x86_64-fedora-gcc, r-patched-solaris-x86, r-release-osx-x86_64, r-oldrel-osx-x86_64