CRAN Package Check Results for Package scraEP

Last updated on 2019-10-21 09:51:25 CEST.

Flavor Version Tinstall Tcheck Ttotal Status Flags
r-devel-linux-x86_64-debian-clang 1.1 3.85 31.03 34.88 OK
r-devel-linux-x86_64-debian-gcc 1.1 3.26 25.26 28.52 OK
r-devel-linux-x86_64-fedora-clang 1.1 43.37 NOTE
r-devel-linux-x86_64-fedora-gcc 1.1 41.83 NOTE
r-devel-windows-ix86+x86_64 1.1 8.00 53.00 61.00 OK
r-patched-linux-x86_64 1.1 3.07 30.63 33.70 OK
r-patched-solaris-x86 1.1 64.10 NOTE
r-release-linux-x86_64 1.1 3.19 30.59 33.78 OK
r-release-windows-ix86+x86_64 1.1 10.00 61.00 71.00 OK
r-release-osx-x86_64 1.1 NOTE
r-oldrel-windows-ix86+x86_64 1.1 4.00 38.00 42.00 OK
r-oldrel-osx-x86_64 1.1 NOTE

Check Details

Version: 1.1
Check: data for non-ASCII characters
Result: NOTE
     Note: found 1 marked UTF-8 string
Flavors: r-devel-linux-x86_64-fedora-clang, r-devel-linux-x86_64-fedora-gcc, r-patched-solaris-x86, r-release-osx-x86_64, r-oldrel-osx-x86_64