CRAN Package Check Results for Package schoolmath

Last updated on 2022-01-25 07:50:20 CET.

Flavor Version Tinstall Tcheck Ttotal Status Flags
r-devel-linux-x86_64-debian-clang 0.4 2.68 33.45 36.13 NOTE
r-devel-linux-x86_64-debian-gcc 0.4 1.76 26.16 27.92 NOTE
r-devel-linux-x86_64-fedora-clang 0.4 43.90 NOTE
r-devel-linux-x86_64-fedora-gcc 0.4 33.12 NOTE
r-devel-windows-x86_64-new-UL 0.4 40.00 49.00 89.00 NOTE
r-devel-windows-x86_64-new-TK 0.4 NOTE
r-patched-linux-x86_64 0.4 2.55 31.84 34.39 NOTE
r-release-linux-x86_64 0.4 2.06 31.67 33.73 NOTE
r-release-macos-arm64 0.4 NOTE
r-release-macos-x86_64 0.4 NOTE
r-release-windows-ix86+x86_64 0.4 5.00 29.00 34.00 NOTE
r-oldrel-macos-x86_64 0.4 NOTE
r-oldrel-windows-ix86+x86_64 0.4 4.00 28.00 32.00 NOTE

Check Details

Version: 0.4
Check: DESCRIPTION meta-information
Result: NOTE
    Malformed Description field: should contain one or more complete sentences.
Flavors: r-devel-linux-x86_64-debian-clang, r-devel-linux-x86_64-debian-gcc, r-devel-linux-x86_64-fedora-clang, r-devel-linux-x86_64-fedora-gcc, r-devel-windows-x86_64-new-UL, r-devel-windows-x86_64-new-TK, r-patched-linux-x86_64, r-release-linux-x86_64, r-release-macos-arm64, r-release-macos-x86_64, r-release-windows-ix86+x86_64, r-oldrel-macos-x86_64, r-oldrel-windows-ix86+x86_64

Version: 0.4
Check: R code for possible problems
Result: NOTE
    prime.factor: no visible global function definition for 'data'
    prime.factor: no visible binding for global variable 'primlist'
    Undefined global functions or variables:
     data primlist
    Consider adding
     importFrom("utils", "data")
    to your NAMESPACE file.
    
    Found the following calls to data() loading into the global environment:
    File 'schoolmath/R/prime.factor.R':
     data(primlist)
    See section 'Good practice' in '?data'.
Flavors: r-devel-linux-x86_64-debian-clang, r-devel-linux-x86_64-debian-gcc, r-devel-linux-x86_64-fedora-clang, r-patched-linux-x86_64, r-release-linux-x86_64

Version: 0.4
Check: R code for possible problems
Result: NOTE
    prime.factor: no visible global function definition for ‘data’
    prime.factor: no visible binding for global variable ‘primlist’
    Undefined global functions or variables:
     data primlist
    Consider adding
     importFrom("utils", "data")
    to your NAMESPACE file.
Flavors: r-devel-linux-x86_64-fedora-gcc, r-devel-windows-x86_64-new-UL, r-devel-windows-x86_64-new-TK, r-release-macos-arm64, r-release-macos-x86_64, r-release-windows-ix86+x86_64, r-oldrel-macos-x86_64, r-oldrel-windows-ix86+x86_64