CRAN Package Check Results for Package scan

Last updated on 2024-04-14 21:49:36 CEST.

Flavor Version Tinstall Tcheck Ttotal Status Flags
r-devel-linux-x86_64-debian-clang 0.60.0 17.14 121.42 138.56 OK
r-devel-linux-x86_64-debian-gcc 0.60.0 12.17 85.80 97.97 OK
r-devel-linux-x86_64-fedora-clang 0.60.0 163.93 NOTE
r-devel-linux-x86_64-fedora-gcc 0.60.0 161.26 NOTE
r-devel-windows-x86_64 0.60.0 15.00 107.00 122.00 OK
r-patched-linux-x86_64 0.60.0 21.02 112.73 133.75 OK
r-release-linux-x86_64 0.60.0 12.57 112.84 125.41 OK
r-release-macos-arm64 0.60.0 47.00 OK
r-release-macos-x86_64 0.60.0 103.00 OK
r-release-windows-x86_64 0.60.0 19.00 127.00 146.00 OK
r-oldrel-macos-arm64 0.60.0 45.00 OK
r-oldrel-windows-x86_64 0.60.0 21.00 116.00 137.00 OK

Check Details

Version: 0.60.0
Check: data for non-ASCII characters
Result: NOTE Note: found 1 marked UTF-8 string Flavors: r-devel-linux-x86_64-fedora-clang, r-devel-linux-x86_64-fedora-gcc