Last updated on 2023-03-21 19:57:24 CET.
Flavor | Version | Tinstall | Tcheck | Ttotal | Status | Flags |
---|---|---|---|---|---|---|
r-devel-linux-x86_64-debian-clang | 0.57 | 14.08 | 114.35 | 128.43 | OK | |
r-devel-linux-x86_64-debian-gcc | 0.57 | 10.84 | 84.99 | 95.83 | OK | |
r-devel-linux-x86_64-fedora-clang | 0.57 | 157.65 | NOTE | |||
r-devel-linux-x86_64-fedora-gcc | 0.57 | 151.91 | NOTE | |||
r-patched-linux-x86_64 | 0.57 | 23.63 | 106.29 | 129.92 | OK | |
r-release-linux-x86_64 | 0.57 | 16.10 | 104.65 | 120.75 | OK | |
r-release-macos-arm64 | 0.57 | 32.00 | OK | |||
r-release-macos-x86_64 | 0.57 | 56.00 | OK | |||
r-release-windows-x86_64 | 0.57 | 65.00 | 138.00 | 203.00 | OK | |
r-oldrel-macos-arm64 | 0.57 | 42.00 | OK | |||
r-oldrel-macos-x86_64 | 0.57 | 59.00 | OK | |||
r-oldrel-windows-ix86+x86_64 | 0.57 | 28.00 | 132.00 | 160.00 | OK |
Version: 0.57
Check: data for non-ASCII characters
Result: NOTE
Note: found 1 marked UTF-8 string
Flavors: r-devel-linux-x86_64-fedora-clang, r-devel-linux-x86_64-fedora-gcc