CRAN Package Check Results for Package scagnostics

Last updated on 2021-09-27 09:49:54 CEST.

Flavor Version Tinstall Tcheck Ttotal Status Flags
r-devel-linux-x86_64-debian-clang 0.2-4.1 3.12 36.12 39.24 NOTE
r-devel-linux-x86_64-debian-gcc 0.2-4.1 2.33 28.12 30.45 NOTE
r-devel-linux-x86_64-fedora-clang 0.2-4.1 57.09 NOTE
r-devel-linux-x86_64-fedora-gcc 0.2-4.1 47.58 NOTE
r-devel-windows-x86_64 0.2-4.1 6.00 39.00 45.00 OK
r-devel-windows-x86_64-gcc10-UCRT 0.2-4.1 OK
r-patched-linux-x86_64 0.2-4.1 3.18 35.05 38.23 NOTE
r-patched-solaris-x86 0.2-4.1 71.80 OK
r-release-linux-x86_64 0.2-4.1 3.09 35.59 38.68 NOTE
r-release-macos-arm64 0.2-4.1 OK
r-release-macos-x86_64 0.2-4.1 OK
r-release-windows-ix86+x86_64 0.2-4.1 8.00 43.00 51.00 OK
r-oldrel-macos-x86_64 0.2-4.1 OK
r-oldrel-windows-ix86+x86_64 0.2-4.1 8.00 40.00 48.00 OK

Check Details

Version: 0.2-4.1
Check: top-level files
Result: NOTE
    Non-standard file/directory found at top level:
     'src-java'
Flavors: r-devel-linux-x86_64-debian-clang, r-devel-linux-x86_64-debian-gcc, r-devel-linux-x86_64-fedora-clang, r-devel-linux-x86_64-fedora-gcc, r-patched-linux-x86_64, r-release-linux-x86_64