CRAN Package Check Results for Package scModels

Last updated on 2021-09-27 21:49:20 CEST.

Flavor Version Tinstall Tcheck Ttotal Status Flags
r-devel-linux-x86_64-debian-clang 1.0.2 41.52 111.18 152.70 NOTE
r-devel-linux-x86_64-debian-gcc 1.0.2 26.28 90.09 116.37 NOTE
r-devel-linux-x86_64-fedora-clang 1.0.2 207.51 NOTE
r-devel-linux-x86_64-fedora-gcc 1.0.2 219.36 NOTE
r-devel-windows-x86_64 1.0.2 42.00 197.00 239.00 NOTE
r-devel-windows-x86_64-gcc10-UCRT 1.0.2 NOTE
r-patched-linux-x86_64 1.0.2 31.86 134.18 166.04 NOTE
r-patched-solaris-x86 1.0.2 366.90 NOTE
r-release-linux-x86_64 1.0.2 31.30 136.60 167.90 NOTE
r-release-macos-arm64 1.0.2 NOTE
r-release-macos-x86_64 1.0.2 NOTE
r-release-windows-ix86+x86_64 1.0.2 98.00 394.00 492.00 NOTE
r-oldrel-macos-x86_64 1.0.2 OK
r-oldrel-windows-ix86+x86_64 1.0.2 85.00 378.00 463.00 OK

Check Details

Version: 1.0.2
Check: LazyData
Result: NOTE
     'LazyData' is specified without a 'data' directory
Flavors: r-devel-linux-x86_64-debian-clang, r-devel-linux-x86_64-debian-gcc, r-devel-linux-x86_64-fedora-clang, r-devel-linux-x86_64-fedora-gcc, r-devel-windows-x86_64, r-devel-windows-x86_64-gcc10-UCRT, r-patched-linux-x86_64, r-patched-solaris-x86, r-release-linux-x86_64, r-release-macos-arm64, r-release-macos-x86_64, r-release-windows-ix86+x86_64