Last updated on 2022-05-16 21:50:31 CEST.
Flavor | Version | Tinstall | Tcheck | Ttotal | Status | Flags |
---|---|---|---|---|---|---|
r-devel-linux-x86_64-debian-clang | 1.0.2 | 0.58 | 12.94 | 13.52 | ERROR | |
r-devel-linux-x86_64-debian-gcc | 1.0.2 | 0.50 | 10.01 | 10.51 | ERROR | |
r-devel-linux-x86_64-fedora-clang | 1.0.2 | 447.13 | NOTE | |||
r-devel-linux-x86_64-fedora-gcc | 1.0.2 | 465.08 | NOTE | |||
r-devel-windows-x86_64 | 1.0.2 | 90.00 | 311.00 | 401.00 | OK | |
r-patched-linux-x86_64 | 1.0.2 | 63.00 | 275.51 | 338.51 | NOTE | |
r-release-linux-x86_64 | 1.0.2 | 65.63 | 273.01 | 338.64 | NOTE | |
r-release-macos-arm64 | 1.0.2 | 113.00 | OK | |||
r-release-macos-x86_64 | 1.0.2 | 192.00 | OK | |||
r-release-windows-x86_64 | 1.0.2 | 93.00 | 311.00 | 404.00 | OK | |
r-oldrel-macos-arm64 | 1.0.2 | 81.00 | OK | |||
r-oldrel-macos-x86_64 | 1.0.2 | 137.00 | OK | |||
r-oldrel-windows-ix86+x86_64 | 1.0.2 | 168.00 | 404.00 | 572.00 | OK |
Version: 1.0.2
Check: package dependencies
Result: ERROR
Packages required but not available: 'edgeR', 'sva'
Package suggested but not available for checking: 'ssvd'
See section 'The DESCRIPTION file' in the 'Writing R Extensions'
manual.
Flavors: r-devel-linux-x86_64-debian-clang, r-devel-linux-x86_64-debian-gcc
Version: 1.0.2
Check: package dependencies
Result: NOTE
Packages suggested but not available for checking:
'ssvd', 'conos', 'pagoda2'
Flavors: r-devel-linux-x86_64-fedora-clang, r-devel-linux-x86_64-fedora-gcc
Version: 1.0.2
Check: package dependencies
Result: NOTE
Package suggested but not available for checking: ‘ssvd’
Flavors: r-patched-linux-x86_64, r-release-linux-x86_64