CRAN Package Check Results for Package sbw

Last updated on 2021-09-26 20:49:22 CEST.

Flavor Version Tinstall Tcheck Ttotal Status Flags
r-devel-linux-x86_64-debian-clang 1.1.5 8.48 75.04 83.52 NOTE
r-devel-linux-x86_64-debian-gcc 1.1.5 7.45 57.84 65.29 NOTE
r-devel-linux-x86_64-fedora-clang 1.1.5 109.83 NOTE
r-devel-linux-x86_64-fedora-gcc 1.1.5 105.05 NOTE
r-devel-windows-x86_64 1.1.5 16.00 95.00 111.00 NOTE
r-devel-windows-x86_64-gcc10-UCRT 1.1.5 NOTE
r-patched-linux-x86_64 1.1.5 10.16 72.70 82.86 NOTE
r-patched-solaris-x86 1.1.5 144.20 NOTE
r-release-linux-x86_64 1.1.5 9.16 71.67 80.83 NOTE
r-release-macos-arm64 1.1.3 NOTE
r-release-macos-x86_64 1.1.5 NOTE
r-release-windows-ix86+x86_64 1.1.5 15.00 67.00 82.00 NOTE
r-oldrel-macos-x86_64 1.1.5 NOTE
r-oldrel-windows-ix86+x86_64 1.1.3 16.00 72.00 88.00 NOTE

Check Details

Version: 1.1.5
Check: package dependencies
Result: NOTE
    Packages which this enhances but not available for checking:
     'gurobi', 'pogs'
Flavors: r-devel-linux-x86_64-debian-clang, r-devel-linux-x86_64-debian-gcc, r-patched-linux-x86_64, r-release-linux-x86_64

Version: 1.1.5
Check: package dependencies
Result: NOTE
    Packages which this enhances but not available for checking:
     'gurobi', 'Rcplex', 'pogs'
Flavors: r-devel-linux-x86_64-fedora-clang, r-devel-linux-x86_64-fedora-gcc, r-devel-windows-x86_64, r-devel-windows-x86_64-gcc10-UCRT, r-release-macos-x86_64, r-release-windows-ix86+x86_64, r-oldrel-macos-x86_64

Version: 1.1.5
Check: package dependencies
Result: NOTE
    Packages which this enhances but not available for checking:
     'gurobi', 'Rcplex', 'Rmosek', 'pogs'
Flavor: r-patched-solaris-x86

Version: 1.1.3
Check: package dependencies
Result: NOTE
    Packages which this enhances but not available for checking:
     'gurobi', 'Rcplex', 'pogs'
Flavors: r-release-macos-arm64, r-oldrel-windows-ix86+x86_64