Last updated on 2023-01-31 19:56:34 CET.
Flavor | Version | Tinstall | Tcheck | Ttotal | Status | Flags |
---|---|---|---|---|---|---|
r-devel-linux-x86_64-debian-clang | 0.5.0 | 121.35 | 206.17 | 327.52 | NOTE | |
r-devel-linux-x86_64-debian-gcc | 0.5.0 | 101.23 | 152.92 | 254.15 | NOTE | |
r-devel-linux-x86_64-fedora-clang | 0.5.0 | 425.43 | NOTE | |||
r-devel-linux-x86_64-fedora-gcc | 0.5.0 | 433.54 | NOTE | |||
r-devel-windows-x86_64 | 0.5.0 | 114.00 | 267.00 | 381.00 | NOTE | |
r-patched-linux-x86_64 | 0.5.0 | 86.10 | 175.32 | 261.42 | OK | |
r-release-linux-x86_64 | 0.5.0 | 88.48 | 179.65 | 268.13 | OK | |
r-release-macos-arm64 | 0.5.0 | 101.00 | NOTE | |||
r-release-macos-x86_64 | 0.5.0 | 177.00 | NOTE | |||
r-release-windows-x86_64 | 0.5.0 | 130.00 | 250.00 | 380.00 | NOTE | |
r-oldrel-macos-arm64 | 0.5.0 | 154.00 | NOTE | |||
r-oldrel-macos-x86_64 | 0.5.0 | 171.00 | NOTE | |||
r-oldrel-windows-ix86+x86_64 | 0.5.0 | 287.00 | 318.00 | 605.00 | NOTE |
Version: 0.5.0
Check: C++ specification
Result: NOTE
Specified C++11: please update to current default of C++17
Flavors: r-devel-linux-x86_64-debian-clang, r-devel-linux-x86_64-debian-gcc, r-devel-linux-x86_64-fedora-clang, r-devel-linux-x86_64-fedora-gcc, r-devel-windows-x86_64
Version: 0.5.0
Check: installed package size
Result: NOTE
installed size is 5.4Mb
sub-directories of 1Mb or more:
data 3.9Mb
libs 1.2Mb
Flavors: r-devel-windows-x86_64, r-release-macos-arm64, r-release-macos-x86_64, r-release-windows-x86_64, r-oldrel-macos-arm64, r-oldrel-macos-x86_64, r-oldrel-windows-ix86+x86_64