CRAN Package Check Results for Package sass

Last updated on 2022-07-02 21:52:25 CEST.

Flavor Version Tinstall Tcheck Ttotal Status Flags
r-devel-linux-x86_64-debian-clang 0.4.1 227.71 57.85 285.56 NOTE
r-devel-linux-x86_64-debian-gcc 0.4.1 180.52 42.04 222.56 NOTE
r-devel-linux-x86_64-fedora-clang 0.4.1 492.66 NOTE
r-devel-linux-x86_64-fedora-gcc 0.4.1 374.34 NOTE
r-devel-windows-x86_64 0.4.1 292.00 137.00 429.00 NOTE
r-patched-linux-x86_64 0.4.1 180.93 55.35 236.28 NOTE
r-release-linux-x86_64 0.4.1 189.94 56.11 246.05 NOTE
r-release-macos-arm64 0.4.1 105.00 NOTE
r-release-macos-x86_64 0.4.1 140.00 NOTE
r-release-windows-x86_64 0.4.1 271.00 140.00 411.00 NOTE
r-oldrel-macos-arm64 0.4.1 106.00 NOTE
r-oldrel-macos-x86_64 0.4.1 134.00 NOTE
r-oldrel-windows-ix86+x86_64 0.4.1 608.00 141.00 749.00 NOTE

Check Details

Version: 0.4.1
Check: for GNU extensions in Makefiles
Result: NOTE
    GNU make is a SystemRequirements.
Flavors: r-devel-linux-x86_64-debian-clang, r-devel-linux-x86_64-debian-gcc, r-devel-linux-x86_64-fedora-clang, r-devel-linux-x86_64-fedora-gcc, r-devel-windows-x86_64, r-patched-linux-x86_64, r-release-linux-x86_64, r-release-macos-arm64, r-release-macos-x86_64, r-release-windows-x86_64, r-oldrel-macos-arm64, r-oldrel-macos-x86_64, r-oldrel-windows-ix86+x86_64

Version: 0.4.1
Check: installed package size
Result: NOTE
     installed size is 5.4Mb
     sub-directories of 1Mb or more:
     doc 1.7Mb
     libs 3.2Mb
Flavors: r-devel-linux-x86_64-fedora-clang, r-devel-windows-x86_64, r-release-macos-arm64, r-release-macos-x86_64, r-release-windows-x86_64, r-oldrel-macos-arm64, r-oldrel-macos-x86_64, r-oldrel-windows-ix86+x86_64