CRAN Package Check Results for Package sasLM

Last updated on 2021-09-20 08:50:42 CEST.

Flavor Version Tinstall Tcheck Ttotal Status Flags
r-devel-linux-x86_64-debian-clang 0.6.2 7.09 139.41 146.50 OK
r-devel-linux-x86_64-debian-gcc 0.6.3 5.34 99.82 105.16 OK
r-devel-linux-x86_64-fedora-clang 0.6.3 183.41 OK
r-devel-linux-x86_64-fedora-gcc 0.6.3 173.00 OK
r-devel-windows-x86_64 0.6.2 10.00 57.00 67.00 OK
r-devel-windows-x86_64-gcc10-UCRT 0.6.3 ERROR
r-patched-linux-x86_64 0.6.2 6.22 135.36 141.58 OK
r-patched-solaris-x86 0.6.3 90.40 OK
r-release-linux-x86_64 0.6.3 5.75 138.44 144.19 OK
r-release-macos-arm64 0.6.2 OK
r-release-macos-x86_64 0.6.3 OK
r-release-windows-ix86+x86_64 0.6.2 11.00 58.00 69.00 OK
r-oldrel-macos-x86_64 0.6.3 OK
r-oldrel-windows-ix86+x86_64 0.6.2 9.00 62.00 71.00 OK

Check Details

Version: 0.6.3
Check: whether package can be installed
Result: WARN
    Found the following significant warnings:
     WARNING: installation-time patches will not be applied, could not get the patches index
Flavor: r-devel-windows-x86_64-gcc10-UCRT

Version: 0.6.3
Check: PDF version of manual
Result: WARN
    LaTeX errors when creating PDF version.
    This typically indicates Rd problems.
Flavor: r-devel-windows-x86_64-gcc10-UCRT

Version: 0.6.3
Check: PDF version of manual without hyperrefs or index
Result: ERROR
    Re-running with no redirection of stdout/stderr.
Flavor: r-devel-windows-x86_64-gcc10-UCRT