CRAN Package Check Results for Package sarsop

Last updated on 2022-12-09 22:56:02 CET.

Flavor Version Tinstall Tcheck Ttotal Status Flags
r-devel-linux-x86_64-debian-clang 0.6.13 189.36 351.56 540.92 OK
r-devel-linux-x86_64-debian-gcc 0.6.13 161.47 329.26 490.73 OK
r-devel-linux-x86_64-fedora-clang 0.6.13 819.90 OK
r-devel-linux-x86_64-fedora-gcc 0.6.13 689.31 OK
r-devel-windows-x86_64 0.6.13 50.00 120.00 170.00 NOTE
r-patched-linux-x86_64 0.6.13 173.39 364.59 537.98 OK
r-release-linux-x86_64 0.6.13 176.67 366.82 543.49 OK
r-release-macos-arm64 0.6.13 115.00 NOTE
r-release-macos-x86_64 0.6.13 147.00 NOTE
r-release-windows-x86_64 0.6.13 61.00 124.00 185.00 NOTE
r-oldrel-macos-arm64 0.6.13 112.00 NOTE
r-oldrel-macos-x86_64 0.6.13 145.00 NOTE
r-oldrel-windows-ix86+x86_64 0.6.13 26.00 135.00 161.00 NOTE

Additional issues

M1mac

Check Details

Version: 0.6.13
Check: installed package size
Result: NOTE
     installed size is 6.6Mb
     sub-directories of 1Mb or more:
     bin 5.8Mb
Flavors: r-devel-windows-x86_64, r-release-macos-arm64, r-release-macos-x86_64, r-release-windows-x86_64, r-oldrel-macos-arm64, r-oldrel-macos-x86_64, r-oldrel-windows-ix86+x86_64