CRAN Package Check Results for Package saqgetr

Last updated on 2024-02-27 19:54:51 CET.

Flavor Version Tinstall Tcheck Ttotal Status Flags
r-devel-linux-x86_64-debian-clang 0.2.21 4.36 44.05 48.41 NOTE
r-devel-linux-x86_64-debian-gcc 0.2.21 3.93 33.63 37.56 NOTE
r-devel-linux-x86_64-fedora-clang 0.2.21 60.65 NOTE
r-devel-linux-x86_64-fedora-gcc 0.2.21 58.35 NOTE
r-devel-windows-x86_64 0.2.21 5.00 61.00 66.00 NOTE
r-patched-linux-x86_64 0.2.21 3.09 43.62 46.71 NOTE
r-release-linux-x86_64 0.2.21 3.03 44.12 47.15 NOTE
r-release-macos-arm64 0.2.21 55.00 NOTE
r-release-macos-x86_64 0.2.21 38.00 NOTE
r-release-windows-x86_64 0.2.21 6.00 64.00 70.00 NOTE
r-oldrel-macos-arm64 0.2.21 63.00 NOTE
r-oldrel-windows-x86_64 0.2.21 7.00 68.00 75.00 NOTE

Check Details

Version: 0.2.21
Check: LazyData
Result: NOTE 'LazyData' is specified without a 'data' directory Flavors: r-devel-linux-x86_64-debian-clang, r-devel-linux-x86_64-debian-gcc, r-devel-linux-x86_64-fedora-clang, r-devel-linux-x86_64-fedora-gcc, r-devel-windows-x86_64, r-patched-linux-x86_64, r-release-linux-x86_64, r-release-macos-arm64, r-release-macos-x86_64, r-release-windows-x86_64, r-oldrel-macos-arm64, r-oldrel-windows-x86_64