CRAN Package Check Results for Package saotd

Last updated on 2019-08-23 10:48:24 CEST.

Flavor Version Tinstall Tcheck Ttotal Status Flags
r-devel-linux-x86_64-debian-clang 0.2.0 13.20 194.43 207.63 OK
r-devel-linux-x86_64-debian-gcc 0.2.0 13.05 145.03 158.08 OK
r-devel-linux-x86_64-fedora-clang 0.2.0 249.78 NOTE
r-devel-linux-x86_64-fedora-gcc 0.2.0 247.90 NOTE
r-devel-windows-ix86+x86_64 0.2.0 31.00 197.00 228.00 OK
r-patched-linux-x86_64 0.2.0 13.49 186.26 199.75 OK
r-patched-solaris-x86 0.2.0 340.80 NOTE
r-release-linux-x86_64 0.2.0 12.20 188.88 201.08 OK
r-release-windows-ix86+x86_64 0.2.0 58.00 285.00 343.00 OK
r-release-osx-x86_64 0.2.0 NOTE
r-oldrel-windows-ix86+x86_64 0.2.0 26.00 287.00 313.00 OK
r-oldrel-osx-x86_64 0.2.0 NOTE

Check Details

Version: 0.2.0
Check: data for non-ASCII characters
Result: NOTE
     Note: found 826 marked UTF-8 strings
Flavors: r-devel-linux-x86_64-fedora-clang, r-devel-linux-x86_64-fedora-gcc, r-patched-solaris-x86, r-release-osx-x86_64, r-oldrel-osx-x86_64