Last updated on 2023-03-30 20:49:24 CEST.
Flavor | Version | Tinstall | Tcheck | Ttotal | Status | Flags |
---|---|---|---|---|---|---|
r-devel-linux-x86_64-debian-clang | 2.0.0 | 3.67 | 34.15 | 37.82 | NOTE | |
r-devel-linux-x86_64-debian-gcc | 2.0.0 | 2.61 | 26.91 | 29.52 | NOTE | |
r-devel-linux-x86_64-fedora-clang | 2.0.0 | 29.70 | NOTE | |||
r-devel-linux-x86_64-fedora-gcc | 2.0.0 | 40.66 | NOTE | |||
r-patched-linux-x86_64 | 2.0.0 | 3.66 | 34.06 | 37.72 | NOTE | |
r-release-linux-x86_64 | 2.0.0 | 3.43 | 35.36 | 38.79 | NOTE | |
r-release-macos-arm64 | 2.0.0 | 22.00 | NOTE | |||
r-release-macos-x86_64 | 2.0.0 | 24.00 | NOTE | |||
r-release-windows-x86_64 | 2.0.0 | 17.00 | 68.00 | 85.00 | OK | |
r-oldrel-macos-arm64 | 2.0.0 | 25.00 | NOTE | |||
r-oldrel-macos-x86_64 | 2.0.0 | 34.00 | NOTE | |||
r-oldrel-windows-ix86+x86_64 | 2.0.0 | 9.00 | 59.00 | 68.00 | OK |
Version: 2.0.0
Check: package dependencies
Result: NOTE
Package suggested but not available for checking: ‘networkTomography’
Flavors: r-devel-linux-x86_64-debian-clang, r-devel-linux-x86_64-debian-gcc, r-patched-linux-x86_64, r-release-linux-x86_64
Version: 2.0.0
Check: package dependencies
Result: NOTE
Packages suggested but not available for checking:
'GOstats', 'networkTomography'
Flavors: r-devel-linux-x86_64-fedora-clang, r-devel-linux-x86_64-fedora-gcc
Version: 2.0.0
Check: data for non-ASCII characters
Result: NOTE
Note: found 6 marked UTF-8 strings
Flavors: r-devel-linux-x86_64-fedora-clang, r-devel-linux-x86_64-fedora-gcc, r-release-macos-arm64, r-release-macos-x86_64, r-oldrel-macos-arm64, r-oldrel-macos-x86_64
Version: 2.0.0
Check: package dependencies
Result: NOTE
Packages suggested but not available for checking:
'GO.db', 'GOstats', 'org.Sc.sgd.db'
Flavors: r-release-macos-arm64, r-oldrel-macos-arm64
Version: 2.0.0
Check: package dependencies
Result: NOTE
Packages suggested but not available for checking: 'GO.db', 'org.Sc.sgd.db'
Flavor: r-oldrel-macos-x86_64