CRAN Package Check Results for Package sand

Last updated on 2021-09-25 21:51:57 CEST.

Flavor Version Tinstall Tcheck Ttotal Status Flags
r-devel-linux-x86_64-debian-clang 2.0.0 2.86 43.75 46.61 OK
r-devel-linux-x86_64-debian-gcc 2.0.0 2.10 26.34 28.44 OK
r-devel-linux-x86_64-fedora-clang 2.0.0 52.72 NOTE
r-devel-linux-x86_64-fedora-gcc 2.0.0 41.90 NOTE
r-devel-windows-x86_64 2.0.0 5.00 44.00 49.00 OK
r-devel-windows-x86_64-gcc10-UCRT 2.0.0 NOTE
r-patched-linux-x86_64 2.0.0 3.07 32.62 35.69 OK
r-patched-solaris-x86 2.0.0 71.70 NOTE
r-release-linux-x86_64 2.0.0 2.70 32.26 34.96 OK
r-release-macos-arm64 2.0.0 NOTE
r-release-macos-x86_64 2.0.0 NOTE
r-release-windows-ix86+x86_64 2.0.0 9.00 37.00 46.00 OK
r-oldrel-macos-x86_64 2.0.0 NOTE
r-oldrel-windows-ix86+x86_64 2.0.0 5.00 43.00 48.00 OK

Check Details

Version: 2.0.0
Check: data for non-ASCII characters
Result: NOTE
     Note: found 6 marked UTF-8 strings
Flavors: r-devel-linux-x86_64-fedora-clang, r-devel-linux-x86_64-fedora-gcc, r-devel-windows-x86_64-gcc10-UCRT, r-patched-solaris-x86, r-release-macos-arm64, r-release-macos-x86_64, r-oldrel-macos-x86_64

Version: 2.0.0
Check: package dependencies
Result: NOTE
    Packages suggested but not available for checking:
     'GO.db', 'GOstats', 'org.Sc.sgd.db'
Flavor: r-release-macos-arm64

Version: 2.0.0
Check: package dependencies
Result: NOTE
    Packages suggested but not available for checking: 'GO.db', 'org.Sc.sgd.db'
Flavor: r-release-macos-x86_64

Version: 2.0.0
Check: package dependencies
Result: NOTE
    Package suggested but not available for checking: ‘org.Sc.sgd.db’
Flavor: r-oldrel-macos-x86_64