CRAN Package Check Results for Package samr

Last updated on 2020-07-14 09:50:49 CEST.

Flavor Version Tinstall Tcheck Ttotal Status Flags
r-devel-linux-x86_64-debian-clang 3.0 8.54 84.95 93.49 OK
r-devel-linux-x86_64-debian-gcc 3.0 7.17 64.04 71.21 OK
r-devel-linux-x86_64-fedora-clang 3.0 119.13 OK
r-devel-linux-x86_64-fedora-gcc 3.0 113.52 OK
r-devel-windows-ix86+x86_64 3.0 29.00 137.00 166.00 OK
r-patched-linux-x86_64 3.0 8.89 85.35 94.24 OK
r-patched-solaris-x86 3.0 179.00 OK
r-release-linux-x86_64 3.0 8.40 82.71 91.11 OK
r-release-macos-x86_64 3.0 ERROR
r-release-windows-ix86+x86_64 3.0 24.00 141.00 165.00 OK
r-oldrel-macos-x86_64 3.0 OK
r-oldrel-windows-ix86+x86_64 3.0 23.00 175.00 198.00 OK

Check Details

Version: 3.0
Check: whether package can be installed
Result: ERROR
    Installation failed.
Flavor: r-release-macos-x86_64