CRAN Package Check Results for Package salso

Last updated on 2021-09-21 20:51:26 CEST.

Flavor Version Tinstall Tcheck Ttotal Status Flags
r-devel-linux-x86_64-debian-clang 0.2.23 4.66 35.16 39.82 OK
r-devel-linux-x86_64-debian-gcc 0.2.23 3.71 27.78 31.49 OK
r-devel-linux-x86_64-fedora-clang 0.2.23 316.67 OK
r-devel-linux-x86_64-fedora-gcc 0.2.23 307.36 OK
r-devel-windows-x86_64 0.2.23 10.00 52.00 62.00 OK
r-devel-windows-x86_64-gcc10-UCRT 0.2.23 ERROR
r-patched-linux-x86_64 0.2.23 4.48 34.40 38.88 OK
r-release-linux-x86_64 0.2.23 4.24 34.98 39.22 OK
r-release-macos-arm64 0.2.23 NOTE
r-release-macos-x86_64 0.2.23 NOTE
r-release-windows-ix86+x86_64 0.2.23 14.00 75.00 89.00 NOTE
r-oldrel-macos-x86_64 0.2.23 NOTE
r-oldrel-windows-ix86+x86_64 0.2.23 14.00 93.00 107.00 NOTE

Check Details

Version: 0.2.23
Check: whether package can be installed
Result: ERROR
    Installation failed.
Flavor: r-devel-windows-x86_64-gcc10-UCRT

Version: 0.2.23
Check: installed package size
Result: NOTE
     installed size is 6.6Mb
     sub-directories of 1Mb or more:
     libs 6.4Mb
Flavors: r-release-macos-arm64, r-release-macos-x86_64, r-release-windows-ix86+x86_64, r-oldrel-macos-x86_64, r-oldrel-windows-ix86+x86_64