CRAN Package Check Results for Package salbm

Last updated on 2021-09-21 08:50:10 CEST.

Flavor Version Tinstall Tcheck Ttotal Status Flags
r-devel-linux-x86_64-debian-clang 1.0 6.24 50.45 56.69 OK
r-devel-linux-x86_64-debian-gcc 1.0 5.01 50.96 55.97 OK
r-devel-linux-x86_64-fedora-clang 1.0 74.11 OK
r-devel-linux-x86_64-fedora-gcc 1.0 63.81 OK
r-devel-windows-x86_64 1.0 9.00 48.00 57.00 OK
r-devel-windows-x86_64-gcc10-UCRT 1.0 ERROR
r-patched-linux-x86_64 1.0 7.05 52.58 59.63 OK
r-patched-solaris-x86 1.0 87.60 OK
r-release-linux-x86_64 1.0 6.80 47.27 54.07 OK
r-release-macos-arm64 1.0 OK
r-release-macos-x86_64 1.0 OK
r-release-windows-ix86+x86_64 1.0 13.00 49.00 62.00 OK
r-oldrel-macos-x86_64 1.0 OK
r-oldrel-windows-ix86+x86_64 1.0 14.00 49.00 63.00 OK

Check Details

Version: 1.0
Check: whether package can be installed
Result: WARN
    Found the following significant warnings:
     WARNING: installation-time patches will not be applied, could not get the patches index
Flavor: r-devel-windows-x86_64-gcc10-UCRT

Version: 1.0
Check: PDF version of manual
Result: WARN
    LaTeX errors when creating PDF version.
    This typically indicates Rd problems.
Flavor: r-devel-windows-x86_64-gcc10-UCRT

Version: 1.0
Check: PDF version of manual without hyperrefs or index
Result: ERROR
    Re-running with no redirection of stdout/stderr.
Flavor: r-devel-windows-x86_64-gcc10-UCRT