CRAN Package Check Results for Package safetyGraphics

Last updated on 2021-11-27 19:49:48 CET.

Flavor Version Tinstall Tcheck Ttotal Status Flags
r-devel-linux-x86_64-debian-clang 2.0.0 OK
r-devel-linux-x86_64-debian-gcc 2.0.0 8.04 70.25 78.29 OK
r-devel-linux-x86_64-fedora-clang 2.0.0 138.24 NOTE
r-devel-linux-x86_64-fedora-gcc 2.0.0 127.88 NOTE
r-devel-windows-x86_64-new-UL 2.0.0 27.00 151.00 178.00 OK
r-devel-windows-x86_64-new-TK 2.0.0 NOTE
r-devel-windows-x86_64-old 2.0.0 14.00 141.00 155.00 OK
r-patched-linux-x86_64 2.0.0 10.34 90.71 101.05 OK
r-patched-solaris-x86 2.0.0 183.70 NOTE
r-release-linux-x86_64 2.0.0 OK
r-release-macos-arm64 2.0.0 NOTE
r-release-macos-x86_64 2.0.0 NOTE
r-release-windows-ix86+x86_64 2.0.0 27.00 89.00 116.00 OK
r-oldrel-macos-x86_64 2.0.0 NOTE
r-oldrel-windows-ix86+x86_64 2.0.0 26.00 135.00 161.00 OK

Check Details

Version: 2.0.0
Check: dependencies in R code
Result: NOTE
    Namespaces in Imports field not imported from:
     ‘magrittr’ ‘safetyCharts’
     All declared Imports should be used.
Flavors: r-devel-linux-x86_64-fedora-clang, r-devel-linux-x86_64-fedora-gcc, r-devel-windows-x86_64-new-TK, r-patched-solaris-x86, r-release-macos-arm64, r-release-macos-x86_64, r-oldrel-macos-x86_64