CRAN Package Check Results for Package saery

Last updated on 2021-12-07 19:49:57 CET.

Flavor Version Tinstall Tcheck Ttotal Status Flags
r-devel-linux-x86_64-debian-clang 1.0 5.19 59.72 64.91 NOTE
r-devel-linux-x86_64-debian-gcc 1.0 4.02 44.70 48.72 NOTE
r-devel-linux-x86_64-fedora-clang 1.0 78.24 NOTE
r-devel-linux-x86_64-fedora-gcc 1.0 66.80 NOTE
r-devel-windows-x86_64-new-UL 1.0 9.00 80.00 89.00 NOTE
r-devel-windows-x86_64-new-TK 1.0 NOTE
r-devel-windows-x86_64-old 1.0 7.00 52.00 59.00 NOTE
r-patched-linux-x86_64 1.0 3.96 56.80 60.76 NOTE
r-release-linux-x86_64 1.0 4.21 56.28 60.49 NOTE
r-release-macos-arm64 1.0 NOTE
r-release-macos-x86_64 1.0 NOTE
r-release-windows-ix86+x86_64 1.0 8.00 50.00 58.00 NOTE
r-oldrel-macos-x86_64 1.0 NOTE
r-oldrel-windows-ix86+x86_64 1.0 8.00 47.00 55.00 NOTE

Check Details

Version: 1.0
Check: R code for possible problems
Result: NOTE
    fit.saery.AR1: no visible global function definition for 'qnorm'
    fit.saery.MA1: no visible global function definition for 'qnorm'
    fit.saery.indep: no visible global function definition for 'qnorm'
    mse.saery.boot.AR1.typeI: no visible global function definition for
     'rnorm'
    mse.saery.boot.AR1.typeI: no visible global function definition for
     'write.table'
    mse.saery.boot.AR1.typeII: no visible global function definition for
     'rnorm'
    mse.saery.boot.AR1.typeII: no visible global function definition for
     'write.table'
    mse.saery.boot.MA1.typeI: no visible global function definition for
     'rnorm'
    mse.saery.boot.MA1.typeI: no visible global function definition for
     'write.table'
    mse.saery.boot.MA1.typeII: no visible global function definition for
     'rnorm'
    mse.saery.boot.MA1.typeII: no visible global function definition for
     'write.table'
    plot.saery: no visible global function definition for 'devAskNewPage'
    plot.saery: no visible global function definition for 'par'
    plot.saery: no visible global function definition for 'abline'
    plot.saery: no visible global function definition for 'title'
    plot.saery: no visible global function definition for 'axis'
    plot.saery: no visible global function definition for 'lines'
    plot.saery: no visible global function definition for 'legend'
    pvalue: no visible global function definition for 'pnorm'
    Undefined global functions or variables:
     abline axis devAskNewPage legend lines par pnorm qnorm rnorm title
     write.table
    Consider adding
     importFrom("grDevices", "devAskNewPage")
     importFrom("graphics", "abline", "axis", "legend", "lines", "par",
     "title")
     importFrom("stats", "pnorm", "qnorm", "rnorm")
     importFrom("utils", "write.table")
    to your NAMESPACE file.
Flavors: r-devel-linux-x86_64-debian-clang, r-devel-linux-x86_64-debian-gcc, r-devel-linux-x86_64-fedora-clang, r-devel-linux-x86_64-fedora-gcc, r-devel-windows-x86_64-new-UL, r-devel-windows-x86_64-new-TK, r-devel-windows-x86_64-old, r-patched-linux-x86_64, r-release-linux-x86_64, r-release-macos-arm64, r-release-macos-x86_64, r-release-windows-ix86+x86_64, r-oldrel-macos-x86_64, r-oldrel-windows-ix86+x86_64