CRAN Package Check Results for Package sSDR

Last updated on 2024-02-26 19:50:23 CET.

Flavor Version Tinstall Tcheck Ttotal Status Flags
r-devel-linux-x86_64-debian-clang 1.2.0 8.23 63.43 71.66 NOTE
r-devel-linux-x86_64-debian-gcc 1.2.0 6.27 48.80 55.07 NOTE
r-devel-linux-x86_64-fedora-clang 1.2.0 86.70 NOTE
r-devel-linux-x86_64-fedora-gcc 1.2.0 84.56 NOTE
r-devel-windows-x86_64 1.2.0 6.00 66.00 72.00 NOTE
r-patched-linux-x86_64 1.2.0 8.82 61.86 70.68 NOTE
r-release-linux-x86_64 1.2.0 7.29 62.65 69.94 NOTE
r-release-macos-arm64 1.2.0 31.00 NOTE
r-release-macos-x86_64 1.2.0 48.00 NOTE
r-release-windows-x86_64 1.2.0 9.00 73.00 82.00 NOTE
r-oldrel-macos-arm64 1.2.0 27.00 NOTE
r-oldrel-windows-x86_64 1.2.0 9.00 78.00 87.00 NOTE

Check Details

Version: 1.2.0
Check: LazyData
Result: NOTE 'LazyData' is specified without a 'data' directory Flavors: r-devel-linux-x86_64-debian-clang, r-devel-linux-x86_64-debian-gcc, r-devel-linux-x86_64-fedora-clang, r-devel-linux-x86_64-fedora-gcc, r-devel-windows-x86_64, r-patched-linux-x86_64, r-release-linux-x86_64, r-release-macos-arm64, r-release-macos-x86_64, r-release-windows-x86_64, r-oldrel-macos-arm64, r-oldrel-windows-x86_64