Last updated on 2023-03-30 08:53:52 CEST.
Flavor | Version | Tinstall | Tcheck | Ttotal | Status | Flags |
---|---|---|---|---|---|---|
r-devel-linux-x86_64-debian-clang | 0.1.0 | 29.89 | 272.35 | 302.24 | OK | |
r-devel-linux-x86_64-debian-gcc | 0.1.0 | 22.93 | 200.21 | 223.14 | OK | |
r-devel-linux-x86_64-fedora-clang | 0.1.0 | 385.20 | OK | |||
r-devel-linux-x86_64-fedora-gcc | 0.1.0 | 365.15 | OK | |||
r-patched-linux-x86_64 | 0.1.0 | 40.67 | 260.33 | 301.00 | OK | |
r-release-linux-x86_64 | 0.1.0 | 25.30 | 258.37 | 283.67 | OK | |
r-release-macos-arm64 | 0.1.0 | 114.00 | OK | |||
r-release-macos-x86_64 | 0.1.0 | 127.00 | OK | |||
r-release-windows-x86_64 | 0.1.0 | 42.00 | 295.00 | 337.00 | OK | |
r-oldrel-macos-arm64 | 0.1.0 | 113.00 | OK | |||
r-oldrel-macos-x86_64 | 0.1.0 | 127.00 | OK | |||
r-oldrel-windows-ix86+x86_64 | 0.1.0 | 81.00 | 261.00 | 342.00 | NOTE |
Version: 0.1.0
Check: R code for possible problems
Result: NOTE
Initiating curl with CURL_SSL_BACKEND: openssl
Flavor: r-oldrel-windows-ix86+x86_64