CRAN Package Check Results for Package rzmq

Last updated on 2022-01-22 07:52:56 CET.

Flavor Version Tinstall Tcheck Ttotal Status Flags
r-devel-linux-x86_64-debian-clang 0.9.8 4.65 29.75 34.40 OK
r-devel-linux-x86_64-debian-gcc 0.9.8 3.30 23.71 27.01 OK
r-devel-linux-x86_64-fedora-clang 0.9.8 45.20 OK
r-devel-linux-x86_64-fedora-gcc 0.9.8 33.65 OK
r-devel-windows-x86_64-new-UL 0.9.8 39.00 73.00 112.00 OK
r-devel-windows-x86_64-new-TK 0.9.8 OK
r-patched-linux-x86_64 0.9.8 4.92 28.96 33.88 OK
r-release-linux-x86_64 0.9.8 4.12 28.81 32.93 OK
r-release-macos-arm64 0.9.8 NOTE
r-release-macos-x86_64 0.9.8 NOTE
r-release-windows-ix86+x86_64 0.9.8 16.00 47.00 63.00 OK
r-oldrel-macos-x86_64 0.9.8 NOTE
r-oldrel-windows-ix86+x86_64 0.9.8 13.00 56.00 69.00 OK

Check Details

Version: 0.9.8
Check: installed package size
Result: NOTE
     installed size is 13.7Mb
     sub-directories of 1Mb or more:
     libs 13.5Mb
Flavors: r-release-macos-arm64, r-release-macos-x86_64, r-oldrel-macos-x86_64