CRAN Package Check Results for Package ryandexdirect

Last updated on 2022-09-26 08:51:45 CEST.

Flavor Version Tinstall Tcheck Ttotal Status Flags
r-devel-linux-x86_64-debian-clang 3.6.0 10.44 82.62 93.06 OK
r-devel-linux-x86_64-debian-gcc 3.6.0 8.89 60.06 68.95 OK
r-devel-linux-x86_64-fedora-clang 3.6.0 117.82 NOTE
r-devel-linux-x86_64-fedora-gcc 3.6.0 115.51 OK
r-devel-windows-x86_64 3.6.0 83.00 123.00 206.00 OK
r-patched-linux-x86_64 3.6.0 9.44 77.35 86.79 OK
r-release-linux-x86_64 3.6.0 9.81 75.69 85.50 OK
r-release-macos-arm64 3.6.0 57.00 OK
r-release-macos-x86_64 3.6.0 88.00 OK
r-release-windows-x86_64 3.6.0 81.00 131.00 212.00 OK
r-oldrel-macos-arm64 3.6.0 39.00 OK
r-oldrel-macos-x86_64 3.6.0 55.00 OK
r-oldrel-windows-ix86+x86_64 3.6.0 22.00 106.00 128.00 OK

Check Details

Version: 3.6.0
Check: Rd cross-references
Result: NOTE
    Undeclared package ‘rym’ in Rd xrefs
Flavor: r-devel-linux-x86_64-fedora-clang