CRAN Package Check Results for Package rwa

Last updated on 2023-02-03 19:52:18 CET.

Flavor Version Tinstall Tcheck Ttotal Status Flags
r-devel-linux-x86_64-debian-clang 0.0.3 6.02 46.56 52.58 NOTE
r-devel-linux-x86_64-debian-gcc 0.0.3 4.35 35.16 39.51 NOTE
r-devel-linux-x86_64-fedora-clang 0.0.3 72.48 NOTE
r-devel-linux-x86_64-fedora-gcc 0.0.3 67.55 NOTE
r-patched-linux-x86_64 0.0.3 3.71 45.35 49.06 NOTE
r-release-linux-x86_64 0.0.3 5.09 47.06 52.15 NOTE
r-release-macos-arm64 0.0.3 25.00 NOTE
r-release-macos-x86_64 0.0.3 41.00 NOTE
r-release-windows-x86_64 0.0.3 14.00 83.00 97.00 NOTE
r-oldrel-macos-arm64 0.0.3 25.00 NOTE
r-oldrel-macos-x86_64 0.0.3 39.00 NOTE
r-oldrel-windows-ix86+x86_64 0.0.3 13.00 73.00 86.00 NOTE

Check Details

Version: 0.0.3
Check: LazyData
Result: NOTE
     'LazyData' is specified without a 'data' directory
Flavors: r-devel-linux-x86_64-debian-clang, r-devel-linux-x86_64-debian-gcc, r-devel-linux-x86_64-fedora-clang, r-devel-linux-x86_64-fedora-gcc, r-patched-linux-x86_64, r-release-linux-x86_64, r-release-macos-arm64, r-release-macos-x86_64, r-release-windows-x86_64, r-oldrel-macos-arm64, r-oldrel-macos-x86_64, r-oldrel-windows-ix86+x86_64