CRAN Package Check Results for Package rvest

Last updated on 2020-08-04 21:48:26 CEST.

Flavor Version Tinstall Tcheck Ttotal Status Flags
r-devel-linux-x86_64-debian-clang 0.3.6 3.65 34.12 37.77 OK
r-devel-linux-x86_64-debian-gcc 0.3.6 2.29 27.69 29.98 OK
r-devel-linux-x86_64-fedora-clang 0.3.6 51.66 OK
r-devel-linux-x86_64-fedora-gcc 0.3.6 43.24 OK
r-devel-windows-ix86+x86_64 0.3.6 9.00 53.00 62.00 ERROR
r-patched-linux-x86_64 0.3.6 3.39 34.05 37.44 OK
r-patched-solaris-x86 0.3.6 67.30 OK
r-release-linux-x86_64 0.3.6 3.29 33.53 36.82 OK
r-release-macos-x86_64 0.3.6 OK
r-release-windows-ix86+x86_64 0.3.6 9.00 77.00 86.00 ERROR
r-oldrel-macos-x86_64 0.3.6 OK
r-oldrel-windows-ix86+x86_64 0.3.6 5.00 64.00 69.00 OK

Check Details

Version: 0.3.6
Check: examples
Result: ERROR
    Running examples in 'rvest-Ex.R' failed
    The error most likely occurred in:
    
    > ### Name: html_nodes
    > ### Title: Select nodes from an HTML document
    > ### Aliases: html_nodes html_node
    >
    > ### ** Examples
    >
    > # CSS selectors ----------------------------------------------
    > url <- paste0(
    + "https://web.archive.org/web/20190202054736/",
    + "https://www.boxofficemojo.com/movies/?id=ateam.htm"
    + )
    > ateam <- read_html(url)
    Error in open.connection(x, "rb") : Empty reply from server
    Calls: read_html -> read_html.default
    Execution halted
Flavors: r-devel-windows-ix86+x86_64, r-release-windows-ix86+x86_64