Last updated on 2023-12-05 19:52:44 CET.
Flavor | Version | Tinstall | Tcheck | Ttotal | Status | Flags |
---|---|---|---|---|---|---|
r-devel-linux-x86_64-debian-clang | 1.0.3 | 4.45 | 55.10 | 59.55 | OK | |
r-devel-linux-x86_64-debian-gcc | 1.0.3 | 4.51 | 42.23 | 46.74 | OK | |
r-devel-linux-x86_64-fedora-clang | 1.0.3 | 75.73 | NOTE | |||
r-devel-linux-x86_64-fedora-gcc | 1.0.3 | 83.14 | NOTE | |||
r-devel-windows-x86_64 | 1.0.3 | 6.00 | 67.00 | 73.00 | OK | |
r-patched-linux-x86_64 | 1.0.3 | 4.58 | 53.59 | 58.17 | OK | |
r-release-linux-x86_64 | 1.0.3 | 5.86 | 52.88 | 58.74 | OK | |
r-release-macos-arm64 | 1.0.3 | 41.00 | OK | |||
r-release-macos-x86_64 | 1.0.3 | 54.00 | OK | |||
r-release-windows-x86_64 | 1.0.3 | 9.00 | 74.00 | 83.00 | OK | |
r-oldrel-macos-arm64 | 1.0.3 | 34.00 | NOTE | |||
r-oldrel-macos-x86_64 | 1.0.3 | 41.00 | NOTE | |||
r-oldrel-windows-x86_64 | 1.0.3 | 7.00 | 76.00 | 83.00 | OK |
Version: 1.0.3
Check: dependencies in R code
Result: NOTE
Namespaces in Imports field not imported from:
‘cli’ ‘withr’
All declared Imports should be used.
Flavors: r-devel-linux-x86_64-fedora-clang, r-devel-linux-x86_64-fedora-gcc, r-oldrel-macos-arm64, r-oldrel-macos-x86_64