CRAN Package Check Results for Package rvcheck

Last updated on 2020-07-14 09:50:48 CEST.

Flavor Version Tinstall Tcheck Ttotal Status Flags
r-devel-linux-x86_64-debian-clang 0.1.8 2.04 21.39 23.43 OK
r-devel-linux-x86_64-debian-gcc 0.1.8 1.84 17.53 19.37 OK
r-devel-linux-x86_64-fedora-clang 0.1.8 37.46 OK
r-devel-linux-x86_64-fedora-gcc 0.1.8 28.84 OK
r-devel-windows-ix86+x86_64 0.1.8 7.00 32.00 39.00 OK
r-patched-linux-x86_64 0.1.8 2.32 21.58 23.90 OK
r-patched-solaris-x86 0.1.8 45.80 OK
r-release-linux-x86_64 0.1.8 2.18 22.10 24.28 OK
r-release-macos-x86_64 0.1.8 ERROR
r-release-windows-ix86+x86_64 0.1.8 8.00 34.00 42.00 OK
r-oldrel-macos-x86_64 0.1.8 OK
r-oldrel-windows-ix86+x86_64 0.1.8 16.00 43.00 59.00 OK

Check Details

Version: 0.1.8
Check: whether package can be installed
Result: ERROR
    Installation failed.
Flavor: r-release-macos-x86_64