CRAN Package Check Results for Package rvalues

Last updated on 2021-09-21 08:50:10 CEST.

Flavor Version Tinstall Tcheck Ttotal Status Flags
r-devel-linux-x86_64-debian-clang 0.7.1 5.96 43.81 49.77 OK
r-devel-linux-x86_64-debian-gcc 0.7.1 4.86 34.29 39.15 OK
r-devel-linux-x86_64-fedora-clang 0.7.1 68.94 OK
r-devel-linux-x86_64-fedora-gcc 0.7.1 59.07 OK
r-devel-windows-x86_64 0.7.1 8.00 48.00 56.00 OK
r-devel-windows-x86_64-gcc10-UCRT 0.7.1 ERROR
r-patched-linux-x86_64 0.7.1 5.73 42.94 48.67 OK
r-patched-solaris-x86 0.7.1 83.50 OK
r-release-linux-x86_64 0.7.1 5.48 42.69 48.17 OK
r-release-macos-arm64 0.7.1 OK
r-release-macos-x86_64 0.7.1 OK
r-release-windows-ix86+x86_64 0.7.1 16.00 60.00 76.00 OK
r-oldrel-macos-x86_64 0.7.1 OK
r-oldrel-windows-ix86+x86_64 0.7.1 17.00 71.00 88.00 OK

Check Details

Version: 0.7.1
Check: whether package can be installed
Result: ERROR
    Installation failed.
Flavor: r-devel-windows-x86_64-gcc10-UCRT