CRAN Package Check Results for Package rust

Last updated on 2021-12-03 19:50:26 CET.

Flavor Version Tinstall Tcheck Ttotal Status Flags
r-devel-linux-x86_64-debian-clang 1.3.13 50.61 254.01 304.62 OK
r-devel-linux-x86_64-debian-gcc 1.3.13 38.61 171.28 209.89 OK
r-devel-linux-x86_64-fedora-clang 1.3.13 377.12 OK
r-devel-linux-x86_64-fedora-gcc 1.3.13 361.28 OK
r-devel-windows-x86_64-new-UL 1.3.13 72.00 308.00 380.00 OK
r-devel-windows-x86_64-new-TK 1.3.13 OK
r-devel-windows-x86_64-old 1.3.13 69.00 244.00 313.00 OK
r-patched-linux-x86_64 1.3.13 50.96 240.18 291.14 OK
r-release-linux-x86_64 1.3.13 48.53 239.54 288.07 OK
r-release-macos-arm64 1.3.13 NOTE
r-release-macos-x86_64 1.3.13 OK
r-release-windows-ix86+x86_64 1.3.13 130.00 330.00 460.00 OK
r-oldrel-macos-x86_64 1.3.13 OK
r-oldrel-windows-ix86+x86_64 1.3.13 127.00 327.00 454.00 OK

Check Details

Version: 1.3.13
Check: installed package size
Result: NOTE
     installed size is 5.7Mb
     sub-directories of 1Mb or more:
     libs 5.0Mb
Flavor: r-release-macos-arm64