Last updated on 2023-01-26 19:49:38 CET.
Flavor | Version | Tinstall | Tcheck | Ttotal | Status | Flags |
---|---|---|---|---|---|---|
r-devel-linux-x86_64-debian-clang | 0.2.4 | 6.59 | 83.88 | 90.47 | NOTE | |
r-devel-linux-x86_64-debian-gcc | 0.2.4 | 4.60 | 62.77 | 67.37 | NOTE | |
r-devel-linux-x86_64-fedora-clang | 0.2.4 | 106.75 | NOTE | |||
r-devel-linux-x86_64-fedora-gcc | 0.2.4 | 120.15 | NOTE | |||
r-patched-linux-x86_64 | 0.2.4 | 11.09 | 81.79 | 92.88 | NOTE | |
r-release-linux-x86_64 | 0.2.4 | 3.80 | 78.68 | 82.48 | NOTE | |
r-release-macos-arm64 | 0.2.4 | 32.00 | NOTE | |||
r-release-macos-x86_64 | 0.2.4 | 57.00 | NOTE | |||
r-release-windows-x86_64 | 0.2.4 | 25.00 | 113.00 | 138.00 | NOTE | |
r-oldrel-macos-arm64 | 0.2.4 | 33.00 | NOTE | |||
r-oldrel-macos-x86_64 | 0.2.4 | 54.00 | NOTE | |||
r-oldrel-windows-ix86+x86_64 | 0.2.4 | 14.00 | 108.00 | 122.00 | NOTE |
Version: 0.2.4
Check: LazyData
Result: NOTE
'LazyData' is specified without a 'data' directory
Flavors: r-devel-linux-x86_64-debian-clang, r-devel-linux-x86_64-debian-gcc, r-devel-linux-x86_64-fedora-clang, r-devel-linux-x86_64-fedora-gcc, r-patched-linux-x86_64, r-release-linux-x86_64, r-release-macos-arm64, r-release-macos-x86_64, r-release-windows-x86_64, r-oldrel-macos-arm64, r-oldrel-macos-x86_64, r-oldrel-windows-ix86+x86_64