Last updated on 2023-03-21 19:57:23 CET.
Flavor | Version | Tinstall | Tcheck | Ttotal | Status | Flags |
---|---|---|---|---|---|---|
r-devel-linux-x86_64-debian-clang | 0.1.4 | 29.17 | 171.92 | 201.09 | NOTE | |
r-devel-linux-x86_64-debian-gcc | 0.1.4 | 19.10 | 123.20 | 142.30 | NOTE | |
r-devel-linux-x86_64-fedora-clang | 0.1.4 | 257.47 | NOTE | |||
r-devel-linux-x86_64-fedora-gcc | 0.1.4 | 257.23 | NOTE | |||
r-patched-linux-x86_64 | 0.1.4 | 20.23 | 166.61 | 186.84 | OK | |
r-release-linux-x86_64 | 0.1.4 | 23.20 | 166.79 | 189.99 | OK | |
r-release-macos-arm64 | 0.1.4 | 58.00 | OK | |||
r-release-macos-x86_64 | 0.1.4 | 89.00 | OK | |||
r-release-windows-x86_64 | 0.1.4 | 41.00 | 240.00 | 281.00 | OK | |
r-oldrel-macos-arm64 | 0.1.4 | 73.00 | OK | |||
r-oldrel-macos-x86_64 | 0.1.4 | 132.00 | OK | |||
r-oldrel-windows-ix86+x86_64 | 0.1.4 | 68.00 | 226.00 | 294.00 | OK |
Version: 0.1.4
Check: C++ specification
Result: NOTE
Specified C++11: please drop specification unless essential
Flavors: r-devel-linux-x86_64-debian-clang, r-devel-linux-x86_64-debian-gcc, r-devel-linux-x86_64-fedora-clang, r-devel-linux-x86_64-fedora-gcc