CRAN Package Check Results for Package rubias

Last updated on 2019-08-25 10:46:29 CEST.

Flavor Version Tinstall Tcheck Ttotal Status Flags
r-devel-linux-x86_64-debian-clang 0.3.0 78.64 478.65 557.29 NOTE
r-devel-linux-x86_64-debian-gcc 0.3.0 61.10 379.89 440.99 NOTE
r-devel-linux-x86_64-fedora-clang 0.3.0 743.08 NOTE
r-devel-linux-x86_64-fedora-gcc 0.3.0 724.50 NOTE
r-devel-windows-ix86+x86_64 0.3.0 182.00 509.00 691.00 NOTE
r-patched-linux-x86_64 0.3.0 75.31 487.78 563.09 NOTE
r-patched-solaris-x86 0.3.0 1191.40 NOTE
r-release-linux-x86_64 0.3.0 70.16 494.56 564.72 NOTE
r-release-windows-ix86+x86_64 0.3.0 263.00 620.00 883.00 NOTE
r-release-osx-x86_64 0.3.0 NOTE
r-oldrel-windows-ix86+x86_64 0.3.0 247.00 607.00 854.00 NOTE
r-oldrel-osx-x86_64 0.3.0 NOTE

Check Details

Version: 0.3.0
Check: for GNU extensions in Makefiles
Result: NOTE
    GNU make is a SystemRequirements.
Flavors: r-devel-linux-x86_64-debian-clang, r-devel-linux-x86_64-debian-gcc, r-devel-linux-x86_64-fedora-clang, r-devel-linux-x86_64-fedora-gcc, r-devel-windows-ix86+x86_64, r-patched-linux-x86_64, r-patched-solaris-x86, r-release-linux-x86_64, r-release-windows-ix86+x86_64, r-release-osx-x86_64, r-oldrel-windows-ix86+x86_64, r-oldrel-osx-x86_64

Version: 0.3.0
Check: installed package size
Result: NOTE
     installed size is 5.2Mb
     sub-directories of 1Mb or more:
     libs 3.4Mb
Flavor: r-devel-linux-x86_64-fedora-clang