CRAN Package Check Results for Package rtypeform

Last updated on 2024-02-21 19:53:26 CET.

Flavor Version Tinstall Tcheck Ttotal Status Flags
r-devel-linux-x86_64-debian-clang 2.1.0 NOTE
r-devel-linux-x86_64-debian-gcc 2.1.0 5.69 43.52 49.21 NOTE
r-devel-linux-x86_64-fedora-clang 2.1.0 77.30 NOTE
r-devel-linux-x86_64-fedora-gcc 2.1.0 75.39 NOTE
r-devel-windows-x86_64 2.1.0 7.00 68.00 75.00 NOTE
r-patched-linux-x86_64 2.1.0 4.82 54.95 59.77 NOTE
r-release-linux-x86_64 2.1.0 4.27 55.02 59.29 NOTE
r-release-macos-arm64 2.1.0 27.00 NOTE
r-release-macos-x86_64 2.1.0 40.00 NOTE
r-release-windows-x86_64 2.1.0 8.00 73.00 81.00 NOTE
r-oldrel-macos-arm64 2.1.0 26.00 NOTE
r-oldrel-windows-x86_64 2.1.0 9.00 76.00 85.00 NOTE

Check Details

Version: 2.1.0
Check: LazyData
Result: NOTE 'LazyData' is specified without a 'data' directory Flavors: r-devel-linux-x86_64-debian-clang, r-devel-linux-x86_64-debian-gcc, r-devel-linux-x86_64-fedora-clang, r-devel-linux-x86_64-fedora-gcc, r-devel-windows-x86_64, r-patched-linux-x86_64, r-release-linux-x86_64, r-release-macos-arm64, r-release-macos-x86_64, r-release-windows-x86_64, r-oldrel-macos-arm64, r-oldrel-windows-x86_64