Last updated on 2023-03-21 19:57:23 CET.
Flavor | Version | Tinstall | Tcheck | Ttotal | Status | Flags |
---|---|---|---|---|---|---|
r-devel-linux-x86_64-debian-clang | 0.1.3 | 2.74 | 29.98 | 32.72 | OK | |
r-devel-linux-x86_64-debian-gcc | 0.1.3 | 2.54 | 23.51 | 26.05 | OK | |
r-devel-linux-x86_64-fedora-clang | 0.1.3 | 43.97 | NOTE | |||
r-devel-linux-x86_64-fedora-gcc | 0.1.3 | 42.97 | NOTE | |||
r-patched-linux-x86_64 | 0.1.3 | 2.72 | 30.07 | 32.79 | OK | |
r-release-linux-x86_64 | 0.1.3 | 2.93 | 30.29 | 33.22 | OK | |
r-release-macos-arm64 | 0.1.3 | 18.00 | OK | |||
r-release-macos-x86_64 | 0.1.3 | 24.00 | OK | |||
r-release-windows-x86_64 | 0.1.3 | 33.00 | 60.00 | 93.00 | OK | |
r-oldrel-macos-arm64 | 0.1.3 | 18.00 | OK | |||
r-oldrel-macos-x86_64 | 0.1.3 | 26.00 | OK | |||
r-oldrel-windows-ix86+x86_64 | 0.1.3 | 7.00 | 54.00 | 61.00 | NOTE |
Version: 0.1.3
Check: package dependencies
Result: NOTE
Package suggested but not available for checking: ‘RQuantLib’
Flavors: r-devel-linux-x86_64-fedora-clang, r-devel-linux-x86_64-fedora-gcc
Version: 0.1.3
Check: dependencies in R code
Result: NOTE
Initiating curl with CURL_SSL_BACKEND: openssl
Flavor: r-oldrel-windows-ix86+x86_64