CRAN Package Check Results for Package rtry

Last updated on 2023-01-26 19:49:38 CET.

Flavor Version Tinstall Tcheck Ttotal Status Flags
r-devel-linux-x86_64-debian-clang 1.0.0 3.48 41.74 45.22 OK
r-devel-linux-x86_64-debian-gcc 1.0.0 2.74 31.83 34.57 OK
r-devel-linux-x86_64-fedora-clang 1.0.0 54.96 NOTE
r-devel-linux-x86_64-fedora-gcc 1.0.0 67.48 NOTE
r-patched-linux-x86_64 1.0.0 3.99 39.80 43.79 OK
r-release-linux-x86_64 1.0.0 2.24 38.48 40.72 OK
r-release-macos-arm64 1.0.0 31.00 NOTE
r-release-macos-x86_64 1.0.0 45.00 NOTE
r-release-windows-x86_64 1.0.0 37.00 77.00 114.00 OK
r-oldrel-macos-arm64 1.0.0 28.00 NOTE
r-oldrel-macos-x86_64 1.0.0 39.00 NOTE
r-oldrel-windows-ix86+x86_64 1.0.0 11.00 66.00 77.00 OK

Check Details

Version: 1.0.0
Check: dependencies in R code
Result: NOTE
    Namespace in Imports field not imported from: ‘curl’
     All declared Imports should be used.
Flavors: r-devel-linux-x86_64-fedora-clang, r-devel-linux-x86_64-fedora-gcc, r-release-macos-arm64, r-release-macos-x86_64, r-oldrel-macos-arm64, r-oldrel-macos-x86_64

Version: 1.0.0
Check: data for non-ASCII characters
Result: NOTE
     Note: found 2023 marked Latin-1 strings
     Note: found 17 marked UTF-8 strings
Flavors: r-devel-linux-x86_64-fedora-clang, r-devel-linux-x86_64-fedora-gcc, r-release-macos-arm64, r-release-macos-x86_64, r-oldrel-macos-arm64, r-oldrel-macos-x86_64